{"id":34,"date":"2019-01-16T21:04:09","date_gmt":"2019-01-16T20:04:09","guid":{"rendered":"http:\/\/ifrath.fr\/jcjc2025\/?page_id=34"},"modified":"2025-06-03T14:23:47","modified_gmt":"2025-06-03T12:23:47","slug":"acces","status":"publish","type":"page","link":"https:\/\/ifrath.fr\/jcjc2025\/acces\/","title":{"rendered":"Acc\u00e8s"},"content":{"rendered":"\r\n<h2>Centre de colloques \u2013 Campus Condorcet<\/h2>\r\n<p>&nbsp;<\/p>\r\n<p>Adresse : <strong>Centre de colloques \u2013 Campus Condorcet, Place du Front populaire, 93300 Aubervilliers<\/strong><\/p>\r\n<p>Pour vous rendre au centre de colloques, le plus simple est de prendre la <strong>ligne 12 du m\u00e9tro<\/strong>, de descendre \u00e0 la station <strong>Front Populaire<\/strong>, puis de sortir par la sortie n\u00b02 ou n\u00b01 :<\/p>\r\n<ul>\r\n<li>sortie 2 \u2013 rue Waldeck Rochet <em>Campus Condorcet<\/em> (acc\u00e8s par escalator)<\/li>\r\n<li>sortie 1 \u2013 rue L\u00e9on Blum <em>Magasins G\u00e9n\u00e9raux<\/em> (acc\u00e8s par ascenseur et escalator)<\/li>\r\n<\/ul>\r\n<div id=\"attachment_274\" style=\"width: 502px\" class=\"wp-caption aligncenter\"><a href=\"http:\/\/ifrath.fr\/jcjc2025\/wp-content\/uploads\/sites\/15\/2025\/06\/plan_condorcet_2.png\"><img loading=\"lazy\" decoding=\"async\" aria-describedby=\"caption-attachment-274\" class=\"wp-image-274\" src=\"http:\/\/ifrath.fr\/jcjc2025\/wp-content\/uploads\/sites\/15\/2025\/06\/plan_condorcet_2.png\" alt=\"Plan de quartier de la Place du Front Populaire Le centre de colloques du Campus Condorcet est situ\u00e9 juste \u00e0 c\u00f4t\u00e9 de la sortie 2 du m\u00e9tro 12, arr\u00eat Front Populaire.\" width=\"502\" height=\"510\" srcset=\"https:\/\/ifrath.fr\/jcjc2025\/wp-content\/uploads\/sites\/15\/2025\/06\/plan_condorcet_2.png 757w, https:\/\/ifrath.fr\/jcjc2025\/wp-content\/uploads\/sites\/15\/2025\/06\/plan_condorcet_2-295x300.png 295w, https:\/\/ifrath.fr\/jcjc2025\/wp-content\/uploads\/sites\/15\/2025\/06\/plan_condorcet_2-750x762.png 750w\" sizes=\"auto, (max-width: 502px) 100vw, 502px\" \/><\/a><p id=\"caption-attachment-274\" class=\"wp-caption-text\">Plan de quartier du centre de colloques<\/p><\/div>\r\n<p>D&rsquo;autres modes de transport sont possibles :<\/p>\r\n<ul>\r\n<li class=\"liste-definitions__terme--colonne\">En train :\r\n<ul>\r\n<li class=\"liste-definitions__terme--colonne\">RER B, gare de La Plaine &#8211; Stade de France (puis bus n\u00b0139 et 239)<\/li>\r\n<li class=\"liste-definitions__terme--colonne\">RER E, gare Rosa-Parks (puis bus n\u00b0239)<\/li>\r\n<\/ul>\r\n<\/li>\r\n<li class=\"liste-definitions__terme--colonne\">En tram : ligne 3B, station Porte de la Chapelle (puis m\u00e9tro 12)<\/li>\r\n<li class=\"liste-definitions__terme--colonne\">En bus : lignes de bus n\u00b0139, 239 et 512 (arr\u00eat Front Populaire \u2013 Gardinoux)<\/li>\r\n<\/ul>\r\n","protected":false},"excerpt":{"rendered":"<p>Centre de colloques \u2013 Campus Condorcet &nbsp; Adresse : Centre de colloques \u2013 Campus Condorcet, Place du Front populaire, 93300 Aubervilliers Pour vous rendre au centre de colloques, le plus simple est de prendre la ligne 12 du m\u00e9tro, de descendre \u00e0 la station Front Populaire, puis de sortir par la sortie n\u00b02 ou n\u00b01 &hellip; <\/p>\n<p><a class=\"more-link btn\" href=\"https:\/\/ifrath.fr\/jcjc2025\/acces\/\">Lire la suite<\/a><\/p>\n","protected":false},"author":23,"featured_media":0,"parent":0,"menu_order":0,"comment_status":"closed","ping_status":"closed","template":"","meta":{"ngg_post_thumbnail":0,"footnotes":""},"class_list":["post-34","page","type-page","status-publish","hentry","nodate","item-wrap"],"_links":{"self":[{"href":"https:\/\/ifrath.fr\/jcjc2025\/wp-json\/wp\/v2\/pages\/34","targetHints":{"allow":["GET"]}}],"collection":[{"href":"https:\/\/ifrath.fr\/jcjc2025\/wp-json\/wp\/v2\/pages"}],"about":[{"href":"https:\/\/ifrath.fr\/jcjc2025\/wp-json\/wp\/v2\/types\/page"}],"author":[{"embeddable":true,"href":"https:\/\/ifrath.fr\/jcjc2025\/wp-json\/wp\/v2\/users\/23"}],"replies":[{"embeddable":true,"href":"https:\/\/ifrath.fr\/jcjc2025\/wp-json\/wp\/v2\/comments?post=34"}],"version-history":[{"count":16,"href":"https:\/\/ifrath.fr\/jcjc2025\/wp-json\/wp\/v2\/pages\/34\/revisions"}],"predecessor-version":[{"id":275,"href":"https:\/\/ifrath.fr\/jcjc2025\/wp-json\/wp\/v2\/pages\/34\/revisions\/275"}],"wp:attachment":[{"href":"https:\/\/ifrath.fr\/jcjc2025\/wp-json\/wp\/v2\/media?parent=34"}],"curies":[{"name":"wp","href":"https:\/\/api.w.org\/{rel}","templated":true}]}}

Accès

<h2>Centre de colloques – Campus Condorcet</h2>
<p>&nbsp;</p>
<p>Adresse : <strong>Centre de colloques – Campus Condorcet, Place du Front populaire, 93300 Aubervilliers</strong></p>
<p>Pour vous rendre au centre de colloques, le plus simple est de prendre la <strong>ligne 12 du métro</strong>, de descendre à la station <strong>Front Populaire</strong>, puis de sortir par la sortie n°2 ou n°1 :</p>
<ul>
<li>sortie 2 – rue Waldeck Rochet <em>Campus Condorcet</em> (accès par escalator)</li>
<li>sortie 1 – rue Léon Blum <em>Magasins Généraux</em> (accès par ascenseur et escalator)</li>
</ul>
<div id="attachment_274" style="width: 502px" class="wp-caption aligncenter"><a href="http://ifrath.fr/jcjc2025/wp-content/uploads/sites/15/2025/06/plan_condorcet_2.png"><img loading="lazy" decoding="async" aria-describedby="caption-attachment-274" class="wp-image-274" src="http://ifrath.fr/jcjc2025/wp-content/uploads/sites/15/2025/06/plan_condorcet_2.png" alt="Plan de quartier de la Place du Front Populaire Le centre de colloques du Campus Condorcet est situé juste à côté de la sortie 2 du métro 12, arrêt Front Populaire." width="502" height="510" srcset="https://ifrath.fr/jcjc2025/wp-content/uploads/sites/15/2025/06/plan_condorcet_2.png 757w, https://ifrath.fr/jcjc2025/wp-content/uploads/sites/15/2025/06/plan_condorcet_2-295x300.png 295w, https://ifrath.fr/jcjc2025/wp-content/uploads/sites/15/2025/06/plan_condorcet_2-750x762.png 750w" sizes="auto, (max-width: 502px) 100vw, 502px" /></a><p id="caption-attachment-274" class="wp-caption-text">Plan de quartier du centre de colloques</p></div>
<p>D&rsquo;autres modes de transport sont possibles :</p>
<ul>
<li class="liste-definitions__terme--colonne">En train :
<ul>
<li class="liste-definitions__terme--colonne">RER B, gare de La Plaine &#8211; Stade de France (puis bus n°139 et 239)</li>
<li class="liste-definitions__terme--colonne">RER E, gare Rosa-Parks (puis bus n°239)</li>
</ul>
</li>
<li class="liste-definitions__terme--colonne">En tram : ligne 3B, station Porte de la Chapelle (puis métro 12)</li>
<li class="liste-definitions__terme--colonne">En bus : lignes de bus n°139, 239 et 512 (arrêt Front Populaire – Gardinoux)</li>
</ul>

<p>Centre de colloques – Campus Condorcet &nbsp; Adresse : Centre de colloques – Campus Condorcet, Place du Front populaire, 93300 Aubervilliers Pour vous rendre au centre de colloques, le plus simple est de prendre la ligne 12 du métro, de descendre à la station Front Populaire, puis de sortir par la sortie n°2 ou n°1 &hellip; </p>
<p><a class="more-link btn" href="https://ifrath.fr/jcjc2025/acces/">Lire la suite</a></p>
