{"id":25,"date":"2019-01-16T20:36:22","date_gmt":"2019-01-16T19:36:22","guid":{"rendered":"http:\/\/ifrath.fr\/jcjc2025\/?page_id=25"},"modified":"2025-06-02T14:15:30","modified_gmt":"2025-06-02T12:15:30","slug":"comites","status":"publish","type":"page","link":"https:\/\/ifrath.fr\/jcjc2025\/comites\/","title":{"rendered":"Comit\u00e9s"},"content":{"rendered":"\r\n\r\n\r\n<p><strong>Comit\u00e9 scientifique<br><\/strong>Guy BOURHIS (Universit\u00e9 de Lorraine)<br>Salvatore ANZALONE (Universit\u00e9 Paris 8)<br>Dominique ARCHAMBAULT (Universit\u00e9 Paris 8)<br>Christian BERGER-VACHON (Universit\u00e9 Lyon 1)<br>Fr\u00e9d\u00e9ric BOUSEFSAF (Universit\u00e9 de Lorraine)<br>Julie GOLLIOT (Smart Macadam)<br>Karine GROS (Universit\u00e9 Paris-Est Cr\u00e9teil)<br>St\u00e9phane JAFFARD (Universit\u00e9 Paris-Est Cr\u00e9teil)<br>C\u00e9line JOST (Universit\u00e9 Paris 8)<br>Jaime LOPEZ-KRAHE (Universit\u00e9 Paris 8)<br>Christ\u00e8le LECOMTE (Universit\u00e9 de Rouen)<br>Yann MORERE (Universit\u00e9 de Lorraine)<br>Caroline PIGEON (Universit\u00e9 Gustave Eiffel)<br>Antonio PINTI (Universit\u00e9 Valenciennes)<br>Ludovic SAINT-BAUZEL (Sorbonne Universit\u00e9)<br>Isis TRUCK (Universit\u00e9 Paris 8)<br>G\u00e9rard UZAN (Universit\u00e9 Paris 8), Pr\u00e9sident de l\u2019IFRATH<\/p>\r\n\r\n\r\n\r\n\r\n\r\n<p><strong>Comit\u00e9 d\u2019organisation (Universit\u00e9 Paris 8)<\/strong><br>Julie LANG (\u00c9cole Pratique des Hautes \u00c9tudes)<br>Johana BODARD (Universit\u00e9 Paris 8)<br>Dominique ARCHAMBAULT (Universit\u00e9 Paris 8)<br>G\u00e9rard UZAN (Universit\u00e9 Paris 8), Pr\u00e9sident de l\u2019IFRATH<\/p>\r\n","protected":false},"excerpt":{"rendered":"<p>Comit\u00e9 scientifiqueGuy BOURHIS (Universit\u00e9 de Lorraine)Salvatore ANZALONE (Universit\u00e9 Paris 8)Dominique ARCHAMBAULT (Universit\u00e9 Paris 8)Christian BERGER-VACHON (Universit\u00e9 Lyon 1)Fr\u00e9d\u00e9ric BOUSEFSAF (Universit\u00e9 de Lorraine)Julie GOLLIOT (Smart Macadam)Karine GROS (Universit\u00e9 Paris-Est Cr\u00e9teil)St\u00e9phane JAFFARD (Universit\u00e9 Paris-Est Cr\u00e9teil)C\u00e9line JOST (Universit\u00e9 Paris 8)Jaime LOPEZ-KRAHE (Universit\u00e9 Paris 8)Christ\u00e8le LECOMTE (Universit\u00e9 de Rouen)Yann MORERE (Universit\u00e9 de Lorraine)Caroline PIGEON (Universit\u00e9 Gustave Eiffel)Antonio PINTI (Universit\u00e9 &hellip; <\/p>\n<p><a class=\"more-link btn\" href=\"https:\/\/ifrath.fr\/jcjc2025\/comites\/\">Lire la suite<\/a><\/p>\n","protected":false},"author":23,"featured_media":0,"parent":0,"menu_order":0,"comment_status":"closed","ping_status":"closed","template":"","meta":{"ngg_post_thumbnail":0,"footnotes":""},"class_list":["post-25","page","type-page","status-publish","hentry","nodate","item-wrap"],"_links":{"self":[{"href":"https:\/\/ifrath.fr\/jcjc2025\/wp-json\/wp\/v2\/pages\/25","targetHints":{"allow":["GET"]}}],"collection":[{"href":"https:\/\/ifrath.fr\/jcjc2025\/wp-json\/wp\/v2\/pages"}],"about":[{"href":"https:\/\/ifrath.fr\/jcjc2025\/wp-json\/wp\/v2\/types\/page"}],"author":[{"embeddable":true,"href":"https:\/\/ifrath.fr\/jcjc2025\/wp-json\/wp\/v2\/users\/23"}],"replies":[{"embeddable":true,"href":"https:\/\/ifrath.fr\/jcjc2025\/wp-json\/wp\/v2\/comments?post=25"}],"version-history":[{"count":13,"href":"https:\/\/ifrath.fr\/jcjc2025\/wp-json\/wp\/v2\/pages\/25\/revisions"}],"predecessor-version":[{"id":271,"href":"https:\/\/ifrath.fr\/jcjc2025\/wp-json\/wp\/v2\/pages\/25\/revisions\/271"}],"wp:attachment":[{"href":"https:\/\/ifrath.fr\/jcjc2025\/wp-json\/wp\/v2\/media?parent=25"}],"curies":[{"name":"wp","href":"https:\/\/api.w.org\/{rel}","templated":true}]}}

Comités

<p><strong>Comité scientifique<br></strong>Guy BOURHIS (Université de Lorraine)<br>Salvatore ANZALONE (Université Paris 8)<br>Dominique ARCHAMBAULT (Université Paris 8)<br>Christian BERGER-VACHON (Université Lyon 1)<br>Frédéric BOUSEFSAF (Université de Lorraine)<br>Julie GOLLIOT (Smart Macadam)<br>Karine GROS (Université Paris-Est Créteil)<br>Stéphane JAFFARD (Université Paris-Est Créteil)<br>Céline JOST (Université Paris 8)<br>Jaime LOPEZ-KRAHE (Université Paris 8)<br>Christèle LECOMTE (Université de Rouen)<br>Yann MORERE (Université de Lorraine)<br>Caroline PIGEON (Université Gustave Eiffel)<br>Antonio PINTI (Université Valenciennes)<br>Ludovic SAINT-BAUZEL (Sorbonne Université)<br>Isis TRUCK (Université Paris 8)<br>Gérard UZAN (Université Paris 8), Président de l’IFRATH</p>





<p><strong>Comité d’organisation (Université Paris 8)</strong><br>Julie LANG (École Pratique des Hautes Études)<br>Johana BODARD (Université Paris 8)<br>Dominique ARCHAMBAULT (Université Paris 8)<br>Gérard UZAN (Université Paris 8), Président de l’IFRATH</p>

<p>Comité scientifiqueGuy BOURHIS (Université de Lorraine)Salvatore ANZALONE (Université Paris 8)Dominique ARCHAMBAULT (Université Paris 8)Christian BERGER-VACHON (Université Lyon 1)Frédéric BOUSEFSAF (Université de Lorraine)Julie GOLLIOT (Smart Macadam)Karine GROS (Université Paris-Est Créteil)Stéphane JAFFARD (Université Paris-Est Créteil)Céline JOST (Université Paris 8)Jaime LOPEZ-KRAHE (Université Paris 8)Christèle LECOMTE (Université de Rouen)Yann MORERE (Université de Lorraine)Caroline PIGEON (Université Gustave Eiffel)Antonio PINTI (Université &hellip; </p>
<p><a class="more-link btn" href="https://ifrath.fr/jcjc2025/comites/">Lire la suite</a></p>
