{"id":48,"date":"2019-01-16T21:15:14","date_gmt":"2019-01-16T20:15:14","guid":{"rendered":"http:\/\/ifrath.fr\/jcjc2021\/?page_id=48"},"modified":"2021-06-16T09:06:18","modified_gmt":"2021-06-16T07:06:18","slug":"themes","status":"publish","type":"page","link":"https:\/\/ifrath.fr\/jcjc2021\/themes\/","title":{"rendered":"Th\u00e8mes"},"content":{"rendered":"\n<p>Les th\u00e8mes abord\u00e9s par JCJC 2021 concernent les technologies pour l\u2019autonomie, la sant\u00e9 et l\u2019insertion scolaire et socio-professionnelle des personnes handicap\u00e9es ou vieillissantes, afin d\u2019apporter des r\u00e9ponses innovantes en mati\u00e8re de compensation et d\u2019am\u00e9nagements dans toutes les dimensions scientifiques, technologiques, humaines et m\u00e9dicales.&nbsp;<\/p>\n\n\n\n<ul class=\"wp-block-list\"><li>Handicaps perceptif (transmodalit\u00e9, multimodalit\u00e9), cognitif, psychique<\/li><li>Handicap moteur<\/li><li>Maladies chroniques invalidantes (Maladie d\u2019Alzheimer, scl\u00e9rose en plaques\u2026), polyhandicap<\/li><li>Caract\u00e9risation et mod\u00e9lisation des situations de perte d\u2019autonomie, effets du Vieillissement<\/li><\/ul>\n\n\n\n<ul class=\"wp-block-list\"><li><strong>Technologies pour la vie quotidienne, pour l\u2019insertion scolaire et socio-professionnelle, pour l\u2019autonomie et la sant\u00e9<\/strong><ul><li>Technologies d\u2019assistance \u00e0 la perception, \u00e0 la communication, \u00e0 la r\u00e9\u00e9ducation, \u00e0 la stimulation<\/li><li>Robotique d\u2019assistance au d\u00e9placement, \u00e0 la pr\u00e9hension, \u00e0 la r\u00e9\u00e9ducation<\/li><li>Orth\u00e8se, proth\u00e8se, neuroproth\u00e8se<\/li><li>Interface cerveau machine<\/li><li>Intelligence ambiante, maison intelligente, syst\u00e8mes embarqu\u00e9s<\/li><li>E-service : t\u00e9l\u00e9assistance, t\u00e9l\u00e9vigilance, t\u00e9l\u00e9diagnostic, t\u00e9l\u00e9r\u00e9habilitation, e-accessibilit\u00e9<\/li><li>R\u00e9alit\u00e9 virtuelle pour l\u2019analyse des besoins, pour l\u2019apprentissage, la r\u00e9adaptation, la r\u00e9\u00e9ducation<\/li><li>Int\u00e9gration de solutions technologiques communicantes et interop\u00e9rables au service de la personne ou facilitant la t\u00e2che de l\u2019aidant ou du professionnel de sant\u00e9<\/li><li>Technologies pour l\u2019autonomie des personnes \u00e2g\u00e9es et leur maintien \u00e0 domicile<\/li><\/ul><\/li><\/ul>\n\n\n\n<ul class=\"wp-block-list\"><li><strong>Domaines d\u2019applications par situation<\/strong><ul><li>R\u00e9\u00e9ducation, stimulation, apprentissage<\/li><li>Conception de l\u2019assistance prenant en compte les dimensions humaine et soci\u00e9tale<\/li><li>\u00c9valuation des technologies dans leur environnement d\u2019usage<\/li><li>Ergonomie des syst\u00e8mes d\u2019assistance<\/li><li>Mod\u00e9lisation, simulation de l\u2019humain<\/li><li>Collaborations et interactions homme-syst\u00e8me d\u2019assistance<\/li><li>Analyse des besoins, \u00e9valuations et \u00e9tude des usages des technologies<\/li><li>Psychologie, ergonomie, neurosciences, sociologie, \u00e9thique<\/li><\/ul><\/li><\/ul>\n\n\n\n<p>La liste et la\nstructuration des th\u00e8mes ne sont qu\u2019indicatives, la plupart des travaux\ns\u2019inscrivant dans l\u2019interdisciplinarit\u00e9 et la transversalit\u00e9 des approches.<\/p>\n","protected":false},"excerpt":{"rendered":"<p>Les th\u00e8mes abord\u00e9s par JCJC 2021 concernent les technologies pour l\u2019autonomie, la sant\u00e9 et l\u2019insertion scolaire et socio-professionnelle des personnes handicap\u00e9es ou vieillissantes, afin d\u2019apporter des r\u00e9ponses innovantes en mati\u00e8re de compensation et d\u2019am\u00e9nagements dans toutes les dimensions scientifiques, technologiques, humaines et m\u00e9dicales.&nbsp; Handicaps perceptif (transmodalit\u00e9, multimodalit\u00e9), cognitif, psychique Handicap moteur Maladies chroniques invalidantes (Maladie &hellip; <\/p>\n<p><a class=\"more-link btn\" href=\"https:\/\/ifrath.fr\/jcjc2021\/themes\/\">Lire la suite<\/a><\/p>\n","protected":false},"author":23,"featured_media":0,"parent":0,"menu_order":0,"comment_status":"closed","ping_status":"closed","template":"","meta":{"ngg_post_thumbnail":0,"footnotes":""},"class_list":["post-48","page","type-page","status-publish","hentry","nodate","item-wrap"],"_links":{"self":[{"href":"https:\/\/ifrath.fr\/jcjc2021\/wp-json\/wp\/v2\/pages\/48","targetHints":{"allow":["GET"]}}],"collection":[{"href":"https:\/\/ifrath.fr\/jcjc2021\/wp-json\/wp\/v2\/pages"}],"about":[{"href":"https:\/\/ifrath.fr\/jcjc2021\/wp-json\/wp\/v2\/types\/page"}],"author":[{"embeddable":true,"href":"https:\/\/ifrath.fr\/jcjc2021\/wp-json\/wp\/v2\/users\/23"}],"replies":[{"embeddable":true,"href":"https:\/\/ifrath.fr\/jcjc2021\/wp-json\/wp\/v2\/comments?post=48"}],"version-history":[{"count":3,"href":"https:\/\/ifrath.fr\/jcjc2021\/wp-json\/wp\/v2\/pages\/48\/revisions"}],"predecessor-version":[{"id":145,"href":"https:\/\/ifrath.fr\/jcjc2021\/wp-json\/wp\/v2\/pages\/48\/revisions\/145"}],"wp:attachment":[{"href":"https:\/\/ifrath.fr\/jcjc2021\/wp-json\/wp\/v2\/media?parent=48"}],"curies":[{"name":"wp","href":"https:\/\/api.w.org\/{rel}","templated":true}]}}