{"id":34,"date":"2019-01-16T21:04:09","date_gmt":"2019-01-16T20:04:09","guid":{"rendered":"http:\/\/ifrath.fr\/jcjc2019\/?page_id=34"},"modified":"2019-06-11T18:49:13","modified_gmt":"2019-06-11T16:49:13","slug":"acces","status":"publish","type":"page","link":"https:\/\/ifrath.fr\/jcjc2019\/acces\/","title":{"rendered":"Acc\u00e8s"},"content":{"rendered":"\n<p>Le site principal de l\u2019Universit\u00e9 Paris 8 est situ\u00e9 \u00e0 Saint-Denis.<\/p>\n\n\n\n<ul class=\"wp-block-list\"><li>Entr\u00e9e de l\u2019Universit\u00e9 : rue Guynemer (face au m\u00e9tro Ligne 13, Station \u00ab\u00a0Saint-Denis Universit\u00e9 \u00bb)<\/li><li>Adresse postale\u00a0: 2 rue de la Libert\u00e9 &#8211; 93526 Saint-Denis cedex<\/li><\/ul>\n\n\n\n<p>Le colloque JCJC 2019 se d\u00e9roulera au premier \u00e9tage du <strong>b\u00e2timent B &#8211; Amphi B106<\/strong>.<br><\/p>\n\n\n\n<div class=\"wp-block-image\"><figure class=\"aligncenter\"><a href=\"http:\/\/ifrath.fr\/jcjc2019\/wp-content\/uploads\/sites\/9\/2019\/01\/plan-p8.jpg\" target=\"_blank\" rel=\"noreferrer noopener\"><img loading=\"lazy\" decoding=\"async\" width=\"150\" height=\"150\" src=\"http:\/\/ifrath.fr\/jcjc2019\/wp-content\/uploads\/sites\/9\/2019\/01\/plan-p8-150x150.jpg\" alt=\"\" class=\"wp-image-36\" \/><\/a><figcaption>(Cliquez sur l\u2019image pour l\u2019agrandir)<\/figcaption><\/figure><\/div>\n\n\n\n<h3 class=\"wp-block-heading\">Moyens d\u2019acc\u00e8s au site principal de l\u2019universit\u00e9<\/h3>\n\n\n\n<h4 class=\"wp-block-heading\"><strong>Par le m\u00e9tro <\/strong><\/h4>\n\n\n\n<ul class=\"wp-block-list\"><li><strong>Ligne 13<\/strong>, Ch\u00e2tillon Montrouge &#8211; Saint-Denis Universit\u00e9, arr\u00eat Saint-Denis Universit\u00e9. Attention, deux directions sont possibles (1 m\u00e9tro sur 2 va \u00e0 Saint-Denis Universit\u00e9). Il suffit ensuite de descendre au terminus.<br>L&rsquo;entr\u00e9e de l&rsquo;universit\u00e9 est en face de la sortie du m\u00e9tro.<\/li><\/ul>\n\n\n\n<h4 class=\"wp-block-heading\"><strong>Par le tramway <\/strong><\/h4>\n\n\n\n<ul class=\"wp-block-list\"><li><strong>Ligne 1<\/strong>, St-Denis RER\/SNCF &#8211; Noisy-le-Sec RER, arr\u00eat March\u00e9 de Saint-Denis puis bus 255, arr\u00eat Saint-Denis Universit\u00e9 ou arr\u00eat Saint-Denis Basilique, puis m\u00e9tro ligne 13, arr\u00eat Saint-Denis Universit\u00e9<\/li><li><strong>Ligne 5<\/strong>, Garges-Sarcelles RER\/SNCF &#8211; March\u00e9 de Saint-Denis, arr\u00eat Guynemer, puis prendre rue Guynemer \u00e0 pied pendant 5 min<\/li><\/ul>\n\n\n\n<h4 class=\"wp-block-heading\"><strong>Par le train et le RER <\/strong><\/h4>\n\n\n\n<ul class=\"wp-block-list\"><li>Ligne de <strong>Paris-Nord<\/strong>, arr\u00eat Gare de Saint-Denis, correspondance avec la ligne d\u2019autobus 255, arr\u00eat Saint-Denis Universit\u00e9<\/li><li><strong>RER D<\/strong>, Melun\/Malesherbes &#8211; Orry-la-Ville, arr\u00eat Gare de St-Denis, correspondance avec la ligne d\u2019autobus 255, arr\u00eat Saint-Denis Universit\u00e9<\/li><\/ul>\n\n\n\n<h4 class=\"wp-block-heading\"><strong>Par la route <\/strong><\/h4>\n\n\n\n<ul class=\"wp-block-list\"><li><strong>De Paris<\/strong>&nbsp;: autoroute A1 (dite du Nord) \u00e0 la Porte de la Chapelle, sortie n\u00b0&nbsp;3 direction Saint-Denis Universit\u00e9s &#8211; Pierrefitte&nbsp;; apr\u00e8s le 4<sup>e<\/sup> feu tricolore, prendre la bretelle \u00e0 droite direction Stains &#8211; Saint-Denis Universit\u00e9s &#8211; V\u00e9lodrome<\/li><li><strong>De Lille <\/strong>&nbsp;: autoroute A1, sortie Saint-Denis, puis sortie St-Denis Universit\u00e9s &#8211; Pierrefitte &#8211; Villetaneuse<\/li><li><strong>De Beauvais<\/strong>&nbsp;: Nationale 1, sortie Saint-Denis Universit\u00e9s<\/li><\/ul>\n\n\n\n<h4 class=\"wp-block-heading\"><strong>Par l\u2019autobus <\/strong><\/h4>\n\n\n\n<ul class=\"wp-block-list\"><li>Arr\u00eat Saint-Denis Universit\u00e9\n<ul><li>ligne 11 (CIF), Goussainville &#8211; St-Denis Porte de Paris<\/li><li>ligne 253, Mairie de Stains &#8211; La Plaine &#8211; Stade de France<\/li><li>ligne 254, Mairie de Montmagny &#8211; Porte de Paris M\u00e9tro<\/li><li>ligne 255, Porte de Clignancourt &#8211; Stains les Pr\u00e9voyants<\/li><li>ligne 256, Gare d\u2019Enghien &#8211; St-Denis Universit\u00e9<\/li><li>ligne 268, Villiers-le-Bel RER &#8211; St-Denis Universit\u00e9<\/li><li>ligne 356, Deuil-la-Barre Les Mortefontaines &#8211; St-Denis Universit\u00e9<\/li><li>ligne 361, Gare d\u2019Argenteuil &#8211; St-Denis Universit\u00e9<\/li><li>ligne 361 N, Gare de St-Denis &#8211; St-Denis Universit\u00e9<\/li><\/ul>\n<\/li><li>Arr\u00eat Roger S\u00e9mat\n<ul><li>ligne 256, Gare d\u2019Enghien &#8211; St-Denis Universit\u00e9<\/li><\/ul>\n<\/li><li>Arr\u00eat Gare de Saint-Denis, correspondance avec le bus 255, arr\u00eat Saint-Denis Universit\u00e9\n<ul><li>ligne 154, Gare d\u2019Enghien-les-Bains &#8211; Saint-Denis Porte de Paris<\/li><\/ul>\n<\/li><\/ul>\n","protected":false},"excerpt":{"rendered":"<p>Le site principal de l\u2019Universit\u00e9 Paris 8 est situ\u00e9 \u00e0 Saint-Denis. Entr\u00e9e de l\u2019Universit\u00e9 : rue Guynemer (face au m\u00e9tro Ligne 13, Station \u00ab\u00a0Saint-Denis Universit\u00e9 \u00bb) Adresse postale\u00a0: 2 rue de la Libert\u00e9 &#8211; 93526 Saint-Denis cedex Le colloque JCJC 2019 se d\u00e9roulera au premier \u00e9tage du b\u00e2timent B &#8211; Amphi B106. Moyens d\u2019acc\u00e8s au &hellip; <\/p>\n<p><a class=\"more-link btn\" href=\"https:\/\/ifrath.fr\/jcjc2019\/acces\/\">Lire la suite<\/a><\/p>\n","protected":false},"author":23,"featured_media":0,"parent":0,"menu_order":0,"comment_status":"closed","ping_status":"closed","template":"","meta":{"ngg_post_thumbnail":0,"footnotes":""},"class_list":["post-34","page","type-page","status-publish","hentry","nodate","item-wrap"],"_links":{"self":[{"href":"https:\/\/ifrath.fr\/jcjc2019\/wp-json\/wp\/v2\/pages\/34","targetHints":{"allow":["GET"]}}],"collection":[{"href":"https:\/\/ifrath.fr\/jcjc2019\/wp-json\/wp\/v2\/pages"}],"about":[{"href":"https:\/\/ifrath.fr\/jcjc2019\/wp-json\/wp\/v2\/types\/page"}],"author":[{"embeddable":true,"href":"https:\/\/ifrath.fr\/jcjc2019\/wp-json\/wp\/v2\/users\/23"}],"replies":[{"embeddable":true,"href":"https:\/\/ifrath.fr\/jcjc2019\/wp-json\/wp\/v2\/comments?post=34"}],"version-history":[{"count":7,"href":"https:\/\/ifrath.fr\/jcjc2019\/wp-json\/wp\/v2\/pages\/34\/revisions"}],"predecessor-version":[{"id":113,"href":"https:\/\/ifrath.fr\/jcjc2019\/wp-json\/wp\/v2\/pages\/34\/revisions\/113"}],"wp:attachment":[{"href":"https:\/\/ifrath.fr\/jcjc2019\/wp-json\/wp\/v2\/media?parent=34"}],"curies":[{"name":"wp","href":"https:\/\/api.w.org\/{rel}","templated":true}]}}