{"id":55,"date":"2017-03-29T11:52:19","date_gmt":"2017-03-29T09:52:19","guid":{"rendered":"http:\/\/ifrath.fr\/jcjc2017\/?page_id=55"},"modified":"2017-06-02T17:39:48","modified_gmt":"2017-06-02T15:39:48","slug":"partenaires","status":"publish","type":"page","link":"https:\/\/ifrath.fr\/jcjc2017\/partenaires\/","title":{"rendered":"Partenaires et sponsors"},"content":{"rendered":"<p>Universit\u00e9 Paris 8<\/p>\n<p><img loading=\"lazy\" decoding=\"async\" class=\"alignnone wp-image-457\" src=\"http:\/\/ifrath.fr\/challengeht\/wp-content\/uploads\/sites\/6\/2016\/01\/logop8-2-300x161.png\" alt=\"\" width=\"224\" height=\"120\" \/><\/p>\n<p>Institut F\u00e9d\u00e9ratif de Recherche sur les Aides Techniques pour personnes Handicap\u00e9es (IFRATH)<\/p>\n<p><img loading=\"lazy\" decoding=\"async\" class=\"alignnone wp-image-125\" src=\"http:\/\/ifrath.fr\/jcjc2017\/wp-content\/uploads\/sites\/7\/2017\/06\/2.-logo-ifrath.png\" alt=\"\" width=\"223\" height=\"125\" \/><\/p>\n<p>CNSA<\/p>\n<p><img loading=\"lazy\" decoding=\"async\" class=\"\" src=\"http:\/\/ifrath.fr\/challengeht\/wp-content\/uploads\/sites\/6\/2017\/05\/LogoCosignature_CNSA.jpg\" width=\"223\" height=\"184\" \/><\/p>\n<p>HUMANIS<\/p>\n<p><img loading=\"lazy\" decoding=\"async\" class=\"\" src=\"http:\/\/ifrath.fr\/challengeht\/wp-content\/uploads\/sites\/6\/2016\/01\/Logo-humanis.jpg\" alt=\"\" width=\"284\" height=\"107\" \/><\/p>\n<p>MAIF<\/p>\n<p><img loading=\"lazy\" decoding=\"async\" class=\"alignnone size-medium wp-image-459\" src=\"http:\/\/ifrath.fr\/challengeht\/wp-content\/uploads\/sites\/6\/2016\/01\/maif.png\" alt=\"\" width=\"226\" height=\"223\" \/><\/p>\n<p>KAELIS<\/p>\n<p><img loading=\"lazy\" decoding=\"async\" class=\"alignnone wp-image-146\" src=\"http:\/\/ifrath.fr\/jcjc2017\/wp-content\/uploads\/sites\/7\/2017\/06\/logo-kaelis-01-300x142.png\" alt=\"\" width=\"249\" height=\"118\" srcset=\"https:\/\/ifrath.fr\/jcjc2017\/wp-content\/uploads\/sites\/7\/2017\/06\/logo-kaelis-01-300x142.png 300w, https:\/\/ifrath.fr\/jcjc2017\/wp-content\/uploads\/sites\/7\/2017\/06\/logo-kaelis-01.png 697w\" sizes=\"auto, (max-width: 249px) 100vw, 249px\" \/><\/p>\n<p>FIRAH<\/p>\n<p><img loading=\"lazy\" decoding=\"async\" class=\"alignnone wp-image-81\" src=\"http:\/\/ifrath.fr\/jcjc2017\/wp-content\/uploads\/sites\/7\/2017\/05\/firah-png-300x97.jpg\" alt=\"\" width=\"334\" height=\"108\" srcset=\"https:\/\/ifrath.fr\/jcjc2017\/wp-content\/uploads\/sites\/7\/2017\/05\/firah-png-300x97.jpg 300w, https:\/\/ifrath.fr\/jcjc2017\/wp-content\/uploads\/sites\/7\/2017\/05\/firah-png-768x247.jpg 768w, https:\/\/ifrath.fr\/jcjc2017\/wp-content\/uploads\/sites\/7\/2017\/05\/firah-png.jpg 866w\" sizes=\"auto, (max-width: 334px) 100vw, 334px\" \/><\/p>\n<p>Des \u00e9toiles pour tous<\/p>\n<p><img loading=\"lazy\" decoding=\"async\" class=\"alignnone wp-image-132\" src=\"http:\/\/ifrath.fr\/jcjc2017\/wp-content\/uploads\/sites\/7\/2017\/06\/9.-logo_des-\u00e9toiles-pour-tous-300x169.png\" alt=\"\" width=\"288\" height=\"162\" srcset=\"https:\/\/ifrath.fr\/jcjc2017\/wp-content\/uploads\/sites\/7\/2017\/06\/9.-logo_des-\u00e9toiles-pour-tous-300x169.png 300w, https:\/\/ifrath.fr\/jcjc2017\/wp-content\/uploads\/sites\/7\/2017\/06\/9.-logo_des-\u00e9toiles-pour-tous-768x432.png 768w, https:\/\/ifrath.fr\/jcjc2017\/wp-content\/uploads\/sites\/7\/2017\/06\/9.-logo_des-\u00e9toiles-pour-tous-1024x576.png 1024w, https:\/\/ifrath.fr\/jcjc2017\/wp-content\/uploads\/sites\/7\/2017\/06\/9.-logo_des-\u00e9toiles-pour-tous.png 1359w\" sizes=\"auto, (max-width: 288px) 100vw, 288px\" \/><\/p>\n<p>Collectif Astro Vers Tous (Avt)<\/p>\n<p><img loading=\"lazy\" decoding=\"async\" class=\"alignnone wp-image-145\" src=\"http:\/\/ifrath.fr\/jcjc2017\/wp-content\/uploads\/sites\/7\/2017\/06\/AVT_logo-300x222.jpg\" alt=\"\" width=\"288\" height=\"213\" srcset=\"https:\/\/ifrath.fr\/jcjc2017\/wp-content\/uploads\/sites\/7\/2017\/06\/AVT_logo-300x222.jpg 300w, https:\/\/ifrath.fr\/jcjc2017\/wp-content\/uploads\/sites\/7\/2017\/06\/AVT_logo.jpg 552w\" sizes=\"auto, (max-width: 288px) 100vw, 288px\" \/><\/p>\n<p>Plan\u00e8te Sciences<\/p>\n<p><img loading=\"lazy\" decoding=\"async\" class=\"alignnone wp-image-133\" src=\"http:\/\/ifrath.fr\/jcjc2017\/wp-content\/uploads\/sites\/7\/2017\/06\/10.-logo_planet-science-300x180.gif\" alt=\"\" width=\"290\" height=\"174\" srcset=\"https:\/\/ifrath.fr\/jcjc2017\/wp-content\/uploads\/sites\/7\/2017\/06\/10.-logo_planet-science-300x180.gif 300w, https:\/\/ifrath.fr\/jcjc2017\/wp-content\/uploads\/sites\/7\/2017\/06\/10.-logo_planet-science-768x460.gif 768w, https:\/\/ifrath.fr\/jcjc2017\/wp-content\/uploads\/sites\/7\/2017\/06\/10.-logo_planet-science-1024x614.gif 1024w\" sizes=\"auto, (max-width: 290px) 100vw, 290px\" \/><\/p>\n<p>Association des Paralys\u00e9s de France (APF)<\/p>\n<p><img loading=\"lazy\" decoding=\"async\" class=\"alignnone size-medium wp-image-452\" src=\"http:\/\/ifrath.fr\/challengeht\/wp-content\/uploads\/sites\/6\/2016\/01\/APF-300x74.png\" alt=\"\" width=\"300\" height=\"74\" \/><\/p>\n<p>Centre d&rsquo;expertise et de Ressources Nouvelles Technologies et Communication (Crnt)<\/p>\n<p><img loading=\"lazy\" decoding=\"async\" class=\"alignnone size-medium wp-image-136\" src=\"http:\/\/ifrath.fr\/jcjc2017\/wp-content\/uploads\/sites\/7\/2017\/06\/13.-logo-rnt-300x154.jpg\" alt=\"\" width=\"300\" height=\"154\" srcset=\"https:\/\/ifrath.fr\/jcjc2017\/wp-content\/uploads\/sites\/7\/2017\/06\/13.-logo-rnt-300x154.jpg 300w, https:\/\/ifrath.fr\/jcjc2017\/wp-content\/uploads\/sites\/7\/2017\/06\/13.-logo-rnt-768x394.jpg 768w, https:\/\/ifrath.fr\/jcjc2017\/wp-content\/uploads\/sites\/7\/2017\/06\/13.-logo-rnt-1024x526.jpg 1024w\" sizes=\"auto, (max-width: 300px) 100vw, 300px\" \/><\/p>\n<p>Centre mutualiste de R\u00e9\u00e9ducation et de R\u00e9adaptation Fonctionnelles de KERPAPE<\/p>\n<p><img loading=\"lazy\" decoding=\"async\" class=\"alignnone wp-image-138\" src=\"http:\/\/ifrath.fr\/jcjc2017\/wp-content\/uploads\/sites\/7\/2017\/06\/15.-logo-kerpape-268x300.jpg\" alt=\"\" width=\"221\" height=\"247\" \/><\/p>\n<p>Ville de Saint-Denis<\/p>\n<p><img loading=\"lazy\" decoding=\"async\" class=\"alignnone size-medium wp-image-458\" src=\"http:\/\/ifrath.fr\/challengeht\/wp-content\/uploads\/sites\/6\/2016\/01\/logo-saint-denis.png\" alt=\"\" width=\"220\" height=\"92\" \/><\/p>\n<p>Journal de Saint-Denis<\/p>\n<p><img loading=\"lazy\" decoding=\"async\" class=\"alignnone size-medium wp-image-456\" src=\"http:\/\/ifrath.fr\/challengeht\/wp-content\/uploads\/sites\/6\/2016\/01\/logoJSD-300x56.png\" alt=\"\" width=\"300\" height=\"56\" \/><\/p>\n<p>Institut national de jeunes sourds de Paris (Injs)<\/p>\n<p><img loading=\"lazy\" decoding=\"async\" class=\"alignnone size-full wp-image-137\" src=\"http:\/\/ifrath.fr\/jcjc2017\/wp-content\/uploads\/sites\/7\/2017\/06\/14.-logo_injs.gif\" alt=\"\" width=\"246\" height=\"109\" \/><\/p>\n<p>\u00c9cole Nationale Sup\u00e9rieure d\u2019ing\u00e9nieurs de Bretagne-Sud (ENSIBS)<\/p>\n<p><img loading=\"lazy\" decoding=\"async\" class=\"alignnone wp-image-141\" src=\"http:\/\/ifrath.fr\/jcjc2017\/wp-content\/uploads\/sites\/7\/2017\/06\/18.-logo-ENSIBS.png\" alt=\"\" width=\"269\" height=\"75\" \/><\/p>\n<p>ISEN<\/p>\n<p><img loading=\"lazy\" decoding=\"async\" class=\"alignnone size-medium wp-image-142\" src=\"http:\/\/ifrath.fr\/jcjc2017\/wp-content\/uploads\/sites\/7\/2017\/06\/19.-logo-isen-groupe-300x75-300x75.jpg\" alt=\"\" width=\"300\" height=\"75\" \/><\/p>\n<p>Universit\u00e9 catholique de Lille<\/p>\n<p><img loading=\"lazy\" decoding=\"async\" class=\"alignnone size-full wp-image-143\" src=\"http:\/\/ifrath.fr\/jcjc2017\/wp-content\/uploads\/sites\/7\/2017\/06\/20.-logo-univ-catho-lille.gif\" alt=\"\" width=\"245\" height=\"128\" \/><\/p>\n<p>Laboratoire LCOMS &#8211; Universit\u00e9 de Lorraine<\/p>\n<p><img loading=\"lazy\" decoding=\"async\" class=\"alignnone size-medium wp-image-144\" src=\"http:\/\/ifrath.fr\/jcjc2017\/wp-content\/uploads\/sites\/7\/2017\/06\/21.-logo_lcoms-300x106.png\" alt=\"\" width=\"300\" height=\"106\" srcset=\"https:\/\/ifrath.fr\/jcjc2017\/wp-content\/uploads\/sites\/7\/2017\/06\/21.-logo_lcoms-300x106.png 300w, https:\/\/ifrath.fr\/jcjc2017\/wp-content\/uploads\/sites\/7\/2017\/06\/21.-logo_lcoms.png 336w\" sizes=\"auto, (max-width: 300px) 100vw, 300px\" \/><\/p>\n<p>&nbsp;<\/p>\n<p>&nbsp;<\/p>\n<p>&nbsp;<\/p>\n","protected":false},"excerpt":{"rendered":"<p>Universit\u00e9 Paris 8 Institut F\u00e9d\u00e9ratif de Recherche sur les Aides Techniques pour personnes Handicap\u00e9es (IFRATH) CNSA HUMANIS MAIF KAELIS FIRAH Des \u00e9toiles pour tous Collectif Astro Vers Tous (Avt) Plan\u00e8te Sciences Association des Paralys\u00e9s de France (APF) Centre d&rsquo;expertise et de Ressources Nouvelles Technologies et Communication (Crnt) Centre mutualiste de R\u00e9\u00e9ducation et de R\u00e9adaptation Fonctionnelles &hellip; <\/p>\n<p><a class=\"more-link btn\" href=\"https:\/\/ifrath.fr\/jcjc2017\/partenaires\/\">Lire la suite<\/a><\/p>\n","protected":false},"author":11,"featured_media":0,"parent":0,"menu_order":9,"comment_status":"closed","ping_status":"closed","template":"","meta":{"footnotes":""},"class_list":["post-55","page","type-page","status-publish","hentry","nodate","item-wrap"],"_links":{"self":[{"href":"https:\/\/ifrath.fr\/jcjc2017\/wp-json\/wp\/v2\/pages\/55","targetHints":{"allow":["GET"]}}],"collection":[{"href":"https:\/\/ifrath.fr\/jcjc2017\/wp-json\/wp\/v2\/pages"}],"about":[{"href":"https:\/\/ifrath.fr\/jcjc2017\/wp-json\/wp\/v2\/types\/page"}],"author":[{"embeddable":true,"href":"https:\/\/ifrath.fr\/jcjc2017\/wp-json\/wp\/v2\/users\/11"}],"replies":[{"embeddable":true,"href":"https:\/\/ifrath.fr\/jcjc2017\/wp-json\/wp\/v2\/comments?post=55"}],"version-history":[{"count":14,"href":"https:\/\/ifrath.fr\/jcjc2017\/wp-json\/wp\/v2\/pages\/55\/revisions"}],"predecessor-version":[{"id":160,"href":"https:\/\/ifrath.fr\/jcjc2017\/wp-json\/wp\/v2\/pages\/55\/revisions\/160"}],"wp:attachment":[{"href":"https:\/\/ifrath.fr\/jcjc2017\/wp-json\/wp\/v2\/media?parent=55"}],"curies":[{"name":"wp","href":"https:\/\/api.w.org\/{rel}","templated":true}]}}