{"id":2,"date":"2014-10-19T16:25:45","date_gmt":"2014-10-19T16:25:45","guid":{"rendered":"http:\/\/ifrath.fr\/jcjc2015\/?page_id=2"},"modified":"2016-07-22T18:43:01","modified_gmt":"2016-07-22T17:43:01","slug":"accueil","status":"publish","type":"page","link":"https:\/\/ifrath.fr\/jcjc2015\/","title":{"rendered":"Accueil"},"content":{"rendered":"<p><strong>JCJC\u20192015 &nbsp;&nbsp; &#8211; &nbsp;&nbsp; jeudi 11 juin 2015<\/strong><\/p>\n<p>L\u2019IFRATH, Institut F\u00e9d\u00e9ratif de Recherche sur les Aides Techniques pour personnes handicap\u00e9es a organis\u00e9 le troisi\u00e8me colloque de Jeunes Chercheuses Jeunes Chercheurs (JCJC) le <span style=\"color: #333333\"><strong>11 juin 2015<\/strong><\/span> \u00e0 l&rsquo;Universit\u00e9 Paris 8 (<a href=\"http:\/\/ifrath.fr\/jcjc2015\/programme-de-la-journee\/\">programme de la journ\u00e9e<\/a>).<\/p>\n<p>Ce colloque annuel s\u2019adresse aux jeunes chercheuses et chercheurs qui travaillent dans le domaine des technologies d\u2019assistance aux personnes handicap\u00e9es et vieillissantes et pour leur autonomie. Il peut aussi int\u00e9resser des \u00e9tudiants en Master d\u00e9sireux de faire de la recherche dans ces domaines. Ce colloque constitue un important lieu d\u2019\u00e9changes scientifiques pour les \u00e9tudiants et jeunes chercheurs dans le champ des Aides Techniques.<\/p>\n<p>Les objectifs sont de :<\/p>\n<ul>\n<li>permettre aux jeunes chercheurs de pr\u00e9senter l\u2019\u00e9tat de leurs travaux \u00e0 un panel de chercheurs exp\u00e9riment\u00e9s, afin de recevoir leurs critiques constructives ainsi que celles de leurs coll\u00e8gues ;<\/li>\n<li>discuter de l\u2019\u00e9volution du domaine des Aides Techniques, au niveau national et International ;<\/li>\n<li>animer cette communaut\u00e9 scientifique, et en particulier de favoriser les rencontres entre les acteurs d\u2019aujourd\u2019hui et de demain, et d\u2019encourager le dialogue interdisciplinaire au sein de ce domaine ;<\/li>\n<li>inciter les jeunes chercheurs \u00e0 pr\u00e9senter leurs travaux au prix de th\u00e8se de l\u2019IFRATH 2015 ;<\/li>\n<li>promouvoir la recherche dans le domaine des Aides Techniques.<\/li>\n<\/ul>\n<p>Les articles retenus par le comit\u00e9 scientifique ont fait l\u2019objet d\u2019une publication.<\/p>\n<p>Contact:<\/p>\n<ul>\n<li>Karine Gros, Ma\u00eetre de conf\u00e9rences en Litt\u00e9rature, Universit\u00e9 Paris Est-Cr\u00e9teil :<br \/><span style=\"color: #6fc600;font-weight: bold;font-family: monospace\">karine point gros at u-pec point fr<\/span><\/li>\n<li>Isis Truck, Professeur en Informatique, Universit\u00e9 Paris 8 :<br \/><span style=\"color: #6fc600;font-weight: bold;font-family: monospace\">isis point truck at univ-paris8 point fr<\/span><\/li>\n<\/ul>\n<p><span style=\"color: #ffffff\">JCJC JCJC JCJC 2015 2015<\/span><\/p>\n","protected":false},"excerpt":{"rendered":"<p>JCJC\u20192015 &nbsp;&nbsp; &#8211; &nbsp;&nbsp; jeudi 11 juin 2015 L\u2019IFRATH, Institut F\u00e9d\u00e9ratif de Recherche sur les Aides Techniques pour personnes handicap\u00e9es a organis\u00e9 le troisi\u00e8me colloque de Jeunes Chercheuses Jeunes Chercheurs (JCJC) le 11 juin 2015 \u00e0 l&rsquo;Universit\u00e9 Paris 8 (programme de la journ\u00e9e). Ce colloque annuel s\u2019adresse aux jeunes chercheuses et chercheurs qui travaillent dans &hellip; <\/p>\n<p><a class=\"more-link btn\" href=\"https:\/\/ifrath.fr\/jcjc2015\/\">Lire la suite<\/a><\/p>\n","protected":false},"author":6,"featured_media":0,"parent":0,"menu_order":0,"comment_status":"closed","ping_status":"open","template":"","meta":{"footnotes":""},"class_list":["post-2","page","type-page","status-publish","hentry","nodate","item-wrap"],"_links":{"self":[{"href":"https:\/\/ifrath.fr\/jcjc2015\/wp-json\/wp\/v2\/pages\/2","targetHints":{"allow":["GET"]}}],"collection":[{"href":"https:\/\/ifrath.fr\/jcjc2015\/wp-json\/wp\/v2\/pages"}],"about":[{"href":"https:\/\/ifrath.fr\/jcjc2015\/wp-json\/wp\/v2\/types\/page"}],"author":[{"embeddable":true,"href":"https:\/\/ifrath.fr\/jcjc2015\/wp-json\/wp\/v2\/users\/6"}],"replies":[{"embeddable":true,"href":"https:\/\/ifrath.fr\/jcjc2015\/wp-json\/wp\/v2\/comments?post=2"}],"version-history":[{"count":28,"href":"https:\/\/ifrath.fr\/jcjc2015\/wp-json\/wp\/v2\/pages\/2\/revisions"}],"predecessor-version":[{"id":145,"href":"https:\/\/ifrath.fr\/jcjc2015\/wp-json\/wp\/v2\/pages\/2\/revisions\/145"}],"wp:attachment":[{"href":"https:\/\/ifrath.fr\/jcjc2015\/wp-json\/wp\/v2\/media?parent=2"}],"curies":[{"name":"wp","href":"https:\/\/api.w.org\/{rel}","templated":true}]}}