{"id":9,"date":"2013-02-08T10:35:39","date_gmt":"2013-02-08T09:35:39","guid":{"rendered":"http:\/\/ifrath.fr\/jcjc2013\/?page_id=9"},"modified":"2016-07-22T18:40:24","modified_gmt":"2016-07-22T17:40:24","slug":"appel-a-communications","status":"publish","type":"page","link":"https:\/\/ifrath.fr\/jcjc2013\/appel-a-communications\/","title":{"rendered":"Appel \u00e0 communications"},"content":{"rendered":"<p>Les candidats sont invit\u00e9s \u00e0 soumettre un r\u00e9sum\u00e9 \u00e9tendu accompagn\u00e9 d\u2019un CV et d\u2019une lettre de recommandation de leur directeur de th\u00e8se (ou leurs rapports de pr\u00e9-soutenance dans le cas de jeunes docteurs). La langue du colloque est le fran\u00e7ais, toutefois les r\u00e9sum\u00e9s et articles en anglais seront admis.<br \/>\nMerci d&rsquo;envoyer vos soumissions par mail \u00e0 :  <span style=\"color: #6fc600;font-weight: bold;font-family: monospace\">xxx at univ-paris8 point fr<\/span><\/p>\n<h2>Dates importantes<\/h2>\n<ul>\n<li><strong>Soumissions<\/strong> : 22 avril 2013<\/li>\n<li><strong>Camera ready<\/strong> : 20 mai 2013<\/li>\n<li><strong>Colloque<\/strong> <em>Jeunes chercheurs, Jeunes Chercheuses<\/em> : 13 juin 2013<\/li>\n<\/ul>\n<p>T\u00e9l\u00e9charger l&rsquo;appel \u00e0 communication :\u00a0<a href=\"http:\/\/ifrath.fr\/jcjc2013\/wp-content\/uploads\/sites\/2\/2013\/02\/APPEL-\u00c0-COMMUNICATIONS-JCJC-2013.pdf\">APPEL-\u00c0-COMMUNICATIONS-JCJC-2013.pdf<\/a><\/p>\n","protected":false},"excerpt":{"rendered":"<p>Les candidats sont invit\u00e9s \u00e0 soumettre un r\u00e9sum\u00e9 \u00e9tendu accompagn\u00e9 d\u2019un CV et d\u2019une lettre de recommandation de leur directeur de th\u00e8se (ou leurs rapports de pr\u00e9-soutenance dans le cas de jeunes docteurs). La langue du colloque est le fran\u00e7ais, toutefois les r\u00e9sum\u00e9s et articles en anglais seront admis. Merci d&rsquo;envoyer vos soumissions par mail &hellip; <\/p>\n<p><a class=\"more-link btn\" href=\"https:\/\/ifrath.fr\/jcjc2013\/appel-a-communications\/\">Lire la suite<\/a><\/p>\n","protected":false},"author":1,"featured_media":0,"parent":0,"menu_order":0,"comment_status":"closed","ping_status":"open","template":"","meta":{"footnotes":""},"class_list":["post-9","page","type-page","status-publish","hentry","nodate","item-wrap"],"_links":{"self":[{"href":"https:\/\/ifrath.fr\/jcjc2013\/wp-json\/wp\/v2\/pages\/9","targetHints":{"allow":["GET"]}}],"collection":[{"href":"https:\/\/ifrath.fr\/jcjc2013\/wp-json\/wp\/v2\/pages"}],"about":[{"href":"https:\/\/ifrath.fr\/jcjc2013\/wp-json\/wp\/v2\/types\/page"}],"author":[{"embeddable":true,"href":"https:\/\/ifrath.fr\/jcjc2013\/wp-json\/wp\/v2\/users\/1"}],"replies":[{"embeddable":true,"href":"https:\/\/ifrath.fr\/jcjc2013\/wp-json\/wp\/v2\/comments?post=9"}],"version-history":[{"count":12,"href":"https:\/\/ifrath.fr\/jcjc2013\/wp-json\/wp\/v2\/pages\/9\/revisions"}],"predecessor-version":[{"id":99,"href":"https:\/\/ifrath.fr\/jcjc2013\/wp-json\/wp\/v2\/pages\/9\/revisions\/99"}],"wp:attachment":[{"href":"https:\/\/ifrath.fr\/jcjc2013\/wp-json\/wp\/v2\/media?parent=9"}],"curies":[{"name":"wp","href":"https:\/\/api.w.org\/{rel}","templated":true}]}}