{"id":43,"date":"2013-02-08T11:49:44","date_gmt":"2013-02-08T10:49:44","guid":{"rendered":"http:\/\/ifrath.fr\/jcjc2013\/?page_id=43"},"modified":"2016-07-22T18:40:24","modified_gmt":"2016-07-22T17:40:24","slug":"acces","status":"publish","type":"page","link":"https:\/\/ifrath.fr\/jcjc2013\/acces\/","title":{"rendered":"Acc\u00e8s"},"content":{"rendered":"<p><strong>Universit\u00e9 Paris 8<\/strong><br \/>\n2 rue de la Libert\u00e9<br \/>\n93526 St Denis<\/p>\n<p><strong>M\u00e9tro<\/strong> St Denis Universit\u00e9, ligne <a title=\"RATP Ligne 13\" href=\"http:\/\/www.ratp.fr\/informer\/pdf\/orienter\/f_plan.php?nompdf=m13&amp;loc=reseaux\" target=\"_blank\">13<\/a><\/p>\n<p><iframe loading=\"lazy\" src=\"https:\/\/maps.google.fr\/maps?f=q&amp;source=s_q&amp;hl=fr&amp;geocode=&amp;q=Universit%C3%A9+Paris+8+-+Vincennes+Saint-Denis,+Rue+de+la+Libert%C3%A9,+Saint-Denis&amp;aq=2&amp;oq=universit%C3%A9&amp;sll=48.680793,2.502588&amp;sspn=1.835251,5.410767&amp;ie=UTF8&amp;hq=Universit%C3%A9+Paris+8+-+Vincennes+Saint-Denis,+Rue+de+la+Libert%C3%A9,+Saint-Denis&amp;t=m&amp;ll=48.948069,2.365623&amp;spn=0.013528,0.027466&amp;z=15&amp;iwloc=A&amp;output=embed\" height=\"480\" width=\"640\" frameborder=\"0\" marginwidth=\"0\" marginheight=\"0\" scrolling=\"no\"><\/iframe><br \/>\n<small><a style=\"color: #0000ff; text-align: left;\" href=\"https:\/\/maps.google.fr\/maps?f=q&amp;source=embed&amp;hl=fr&amp;geocode=&amp;q=Universit%C3%A9+Paris+8+-+Vincennes+Saint-Denis,+Rue+de+la+Libert%C3%A9,+Saint-Denis&amp;aq=2&amp;oq=universit%C3%A9&amp;sll=48.680793,2.502588&amp;sspn=1.835251,5.410767&amp;ie=UTF8&amp;hq=Universit%C3%A9+Paris+8+-+Vincennes+Saint-Denis,+Rue+de+la+Libert%C3%A9,+Saint-Denis&amp;t=m&amp;ll=48.948069,2.365623&amp;spn=0.013528,0.027466&amp;z=15&amp;iwloc=A\">Agrandir le plan<\/a><\/small><\/p>\n","protected":false},"excerpt":{"rendered":"<p>Universit\u00e9 Paris 8 2 rue de la Libert\u00e9 93526 St Denis M\u00e9tro St Denis Universit\u00e9, ligne 13 Agrandir le plan<\/p>\n","protected":false},"author":1,"featured_media":0,"parent":0,"menu_order":0,"comment_status":"closed","ping_status":"closed","template":"","meta":{"footnotes":""},"class_list":["post-43","page","type-page","status-publish","hentry","nodate","item-wrap"],"_links":{"self":[{"href":"https:\/\/ifrath.fr\/jcjc2013\/wp-json\/wp\/v2\/pages\/43","targetHints":{"allow":["GET"]}}],"collection":[{"href":"https:\/\/ifrath.fr\/jcjc2013\/wp-json\/wp\/v2\/pages"}],"about":[{"href":"https:\/\/ifrath.fr\/jcjc2013\/wp-json\/wp\/v2\/types\/page"}],"author":[{"embeddable":true,"href":"https:\/\/ifrath.fr\/jcjc2013\/wp-json\/wp\/v2\/users\/1"}],"replies":[{"embeddable":true,"href":"https:\/\/ifrath.fr\/jcjc2013\/wp-json\/wp\/v2\/comments?post=43"}],"version-history":[{"count":22,"href":"https:\/\/ifrath.fr\/jcjc2013\/wp-json\/wp\/v2\/pages\/43\/revisions"}],"predecessor-version":[{"id":105,"href":"https:\/\/ifrath.fr\/jcjc2013\/wp-json\/wp\/v2\/pages\/43\/revisions\/105"}],"wp:attachment":[{"href":"https:\/\/ifrath.fr\/jcjc2013\/wp-json\/wp\/v2\/media?parent=43"}],"curies":[{"name":"wp","href":"https:\/\/api.w.org\/{rel}","templated":true}]}}