{"id":236,"date":"2020-10-06T20:40:52","date_gmt":"2020-10-06T18:40:52","guid":{"rendered":"http:\/\/ifrath.fr\/handicap2024\/?page_id=236"},"modified":"2024-05-31T15:56:59","modified_gmt":"2024-05-31T13:56:59","slug":"programme-du-vendredi-10-juin-2022","status":"publish","type":"page","link":"https:\/\/ifrath.fr\/handicap2024\/programme-du-vendredi-10-juin-2022\/","title":{"rendered":"Vendredi 7 juin 2024"},"content":{"rendered":"<p align=\"justify\">8h40 \u2013 9h40 : Session Innovations technologiques intelligentes et personnalis\u00e9es (1\/1) (3 papiers)<\/p>\n<p align=\"justify\"><i><b>Pr\u00e9sident de session\u00a0: Yann Mor\u00e8re<\/b><\/i><\/p>\n<ul>\n<li>\n<p align=\"justify\"><b>Conception d&rsquo;un prototype, d&rsquo;une illustration multisensorielle, <\/b><i>Yassine\u00a0Fadlaoui, Dominique\u00a0Archambault<\/i><\/p>\n<\/li>\n<li>\n<p align=\"justify\"><b>Co-cr\u00e9ation d&rsquo;audio descriptions inclusives : Retour sur exp\u00e9rience, <\/b><i>Katerine\u00a0Romeo, Marion\u00a0Chottin, Hannah\u00a0Thompson, Fr\u00e9d\u00e9ric\u00a0Serin, Christ\u00e8le\u00a0LECOMTE, Lilia\u00a0Djoussouf, C\u00e9dric\u00a0Poulain<\/i><\/p>\n<\/li>\n<li>\n<p align=\"justify\"><b>Conception d&rsquo;une poign\u00e9e haptique multi-actionneurs pour l&rsquo;aide \u00e0 la navigation, <\/b><i>Pierre-Antoine\u00a0Cabaret, Claudio\u00a0Pacchierotti, Marie\u00a0Babel, Maud\u00a0Marchal<\/i><\/p>\n<\/li>\n<\/ul>\n<p align=\"justify\">9h40 \u2013 10h : Pause-caf\u00e9<\/p>\n<p align=\"justify\">10h \u2013 10h45 : <u>Session invit\u00e9e 3<\/u> : Karine GROS, Ma\u00eetre de conf\u00e9rences HDR HC- SHS Handicap et Emploi : Pr\u00e9sentation du Projet CookiNUM<\/p>\n<p align=\"justify\">10h45 \u2013 11h45 : Session Outils de Communication (1\/1) (3 papiers)<\/p>\n<p align=\"justify\"><i><b>Pr\u00e9sident de session\u00a0: Pierre Pino<\/b><\/i><\/p>\n<ul>\n<li>\n<p align=\"justify\"><b>CAA : quelle configuration pour les claviers virtuels ?<\/b><i> <\/i><i>Lisa\u00a0HOIRY, Ch\u00e9rifa\u00a0Ben Khelil, Jean-Yves\u00a0Antoine, Mathieu\u00a0THEBAUD, Samuel\u00a0POUPLIN, Fr\u00e9d\u00e9ric\u00a0RAYAR, Ana\u00efs\u00a0HALFTERMEYER, Mathieu\u00a0RAYNAL<\/i><\/p>\n<\/li>\n<li>\n<p align=\"justify\"><b>D\u00e9tection des zones d&rsquo;int\u00e9r\u00eat dans une \u0153uvre d&rsquo;art, <\/b><i>Wenqi\u00a0LUO, Lilia\u00a0Djoussouf, Christ\u00e8le\u00a0LECOMTE, Katerine\u00a0Romeo<\/i><\/p>\n<\/li>\n<li>\n<p align=\"justify\"><b>\u00c9valuation de la traduction en pictogrammes pour la communication m\u00e9decin-patient par des adultes avec une d\u00e9ficience intellectuelle, <\/b><i>Magali\u00a0Norr\u00e9, Trang\u00a0Pham Tran Hanh, Pierrette\u00a0Bouillon, Vincent\u00a0Vandeghinste, Thomas\u00a0Fran\u00e7ois<\/i><\/p>\n<\/li>\n<\/ul>\n<p align=\"justify\">11h45 \u2013 12h15 : Remise prix de th\u00e8se et meilleur article et cl\u00f4ture de la conf\u00e9rence<\/p>\n<p align=\"justify\">12h30 \u2013 14h : Pause d\u00e9jeuner<\/p>\n","protected":false},"excerpt":{"rendered":"<p>8h40 \u2013 9h40 : Session Innovations technologiques intelligentes et personnalis\u00e9es (1\/1) (3 papiers) Pr\u00e9sident de session\u00a0: Yann Mor\u00e8re Conception d&rsquo;un prototype, d&rsquo;une illustration multisensorielle, Yassine\u00a0Fadlaoui, Dominique\u00a0Archambault Co-cr\u00e9ation d&rsquo;audio descriptions inclusives : Retour sur exp\u00e9rience, Katerine\u00a0Romeo, Marion\u00a0Chottin, Hannah\u00a0Thompson, Fr\u00e9d\u00e9ric\u00a0Serin, Christ\u00e8le\u00a0LECOMTE, Lilia\u00a0Djoussouf, C\u00e9dric\u00a0Poulain Conception d&rsquo;une poign\u00e9e haptique multi-actionneurs pour l&rsquo;aide \u00e0 la navigation, Pierre-Antoine\u00a0Cabaret, Claudio\u00a0Pacchierotti, Marie\u00a0Babel, Maud\u00a0Marchal &hellip; <\/p>\n<p><a class=\"more-link btn\" href=\"https:\/\/ifrath.fr\/handicap2024\/programme-du-vendredi-10-juin-2022\/\">Lire la suite<\/a><\/p>\n","protected":false},"author":11,"featured_media":0,"parent":0,"menu_order":0,"comment_status":"closed","ping_status":"closed","template":"","meta":{"ngg_post_thumbnail":0,"footnotes":""},"class_list":["post-236","page","type-page","status-publish","hentry","nodate","item-wrap"],"_links":{"self":[{"href":"https:\/\/ifrath.fr\/handicap2024\/wp-json\/wp\/v2\/pages\/236","targetHints":{"allow":["GET"]}}],"collection":[{"href":"https:\/\/ifrath.fr\/handicap2024\/wp-json\/wp\/v2\/pages"}],"about":[{"href":"https:\/\/ifrath.fr\/handicap2024\/wp-json\/wp\/v2\/types\/page"}],"author":[{"embeddable":true,"href":"https:\/\/ifrath.fr\/handicap2024\/wp-json\/wp\/v2\/users\/11"}],"replies":[{"embeddable":true,"href":"https:\/\/ifrath.fr\/handicap2024\/wp-json\/wp\/v2\/comments?post=236"}],"version-history":[{"count":9,"href":"https:\/\/ifrath.fr\/handicap2024\/wp-json\/wp\/v2\/pages\/236\/revisions"}],"predecessor-version":[{"id":701,"href":"https:\/\/ifrath.fr\/handicap2024\/wp-json\/wp\/v2\/pages\/236\/revisions\/701"}],"wp:attachment":[{"href":"https:\/\/ifrath.fr\/handicap2024\/wp-json\/wp\/v2\/media?parent=236"}],"curies":[{"name":"wp","href":"https:\/\/api.w.org\/{rel}","templated":true}]}}

<p align="justify">8h40 – 9h40 : Session Innovations technologiques intelligentes et personnalisées (1/1) (3 papiers)</p>
<p align="justify"><i><b>Président de session : Yann Morère</b></i></p>
<ul>
<li>
<p align="justify"><b>Conception d&rsquo;un prototype, d&rsquo;une illustration multisensorielle, </b><i>Yassine Fadlaoui, Dominique Archambault</i></p>
</li>
<li>
<p align="justify"><b>Co-création d&rsquo;audio descriptions inclusives : Retour sur expérience, </b><i>Katerine Romeo, Marion Chottin, Hannah Thompson, Frédéric Serin, Christèle LECOMTE, Lilia Djoussouf, Cédric Poulain</i></p>
</li>
<li>
<p align="justify"><b>Conception d&rsquo;une poignée haptique multi-actionneurs pour l&rsquo;aide à la navigation, </b><i>Pierre-Antoine Cabaret, Claudio Pacchierotti, Marie Babel, Maud Marchal</i></p>
</li>
</ul>
<p align="justify">9h40 – 10h : Pause-café</p>
<p align="justify">10h – 10h45 : <u>Session invitée 3</u> : Karine GROS, Maître de conférences HDR HC- SHS Handicap et Emploi : Présentation du Projet CookiNUM</p>
<p align="justify">10h45 – 11h45 : Session Outils de Communication (1/1) (3 papiers)</p>
<p align="justify"><i><b>Président de session : Pierre Pino</b></i></p>
<ul>
<li>
<p align="justify"><b>CAA : quelle configuration pour les claviers virtuels ?</b><i> </i><i>Lisa HOIRY, Chérifa Ben Khelil, Jean-Yves Antoine, Mathieu THEBAUD, Samuel POUPLIN, Frédéric RAYAR, Anaïs HALFTERMEYER, Mathieu RAYNAL</i></p>
</li>
<li>
<p align="justify"><b>Détection des zones d&rsquo;intérêt dans une œuvre d&rsquo;art, </b><i>Wenqi LUO, Lilia Djoussouf, Christèle LECOMTE, Katerine Romeo</i></p>
</li>
<li>
<p align="justify"><b>Évaluation de la traduction en pictogrammes pour la communication médecin-patient par des adultes avec une déficience intellectuelle, </b><i>Magali Norré, Trang Pham Tran Hanh, Pierrette Bouillon, Vincent Vandeghinste, Thomas François</i></p>
</li>
</ul>
<p align="justify">11h45 – 12h15 : Remise prix de thèse et meilleur article et clôture de la conférence</p>
<p align="justify">12h30 – 14h : Pause déjeuner</p>

<p>8h40 – 9h40 : Session Innovations technologiques intelligentes et personnalisées (1/1) (3 papiers) Président de session : Yann Morère Conception d&rsquo;un prototype, d&rsquo;une illustration multisensorielle, Yassine Fadlaoui, Dominique Archambault Co-création d&rsquo;audio descriptions inclusives : Retour sur expérience, Katerine Romeo, Marion Chottin, Hannah Thompson, Frédéric Serin, Christèle LECOMTE, Lilia Djoussouf, Cédric Poulain Conception d&rsquo;une poignée haptique multi-actionneurs pour l&rsquo;aide à la navigation, Pierre-Antoine Cabaret, Claudio Pacchierotti, Marie Babel, Maud Marchal &hellip; </p>
<p><a class="more-link btn" href="https://ifrath.fr/handicap2024/programme-du-vendredi-10-juin-2022/">Lire la suite</a></p>
