{"id":236,"date":"2020-10-06T20:40:52","date_gmt":"2020-10-06T18:40:52","guid":{"rendered":"http:\/\/ifrath.fr\/handicap2020\/?page_id=236"},"modified":"2020-10-23T11:07:11","modified_gmt":"2020-10-23T09:07:11","slug":"programme-du-vendredi-6-novembre-2020","status":"publish","type":"page","link":"https:\/\/ifrath.fr\/handicap2020\/programme-du-vendredi-6-novembre-2020\/","title":{"rendered":"Vendredi 6 novembre 2020"},"content":{"rendered":"\n<figure class=\"wp-block-table\"><table><tbody><tr><td>09h00 \u2013 10h30<\/td><td><strong>Session \u00ab Communication \u00bb<\/strong><br><br>9h00 : <em>Child-Comm: An Alternative Communication System adaptive to user\u2019s features<\/em><br>Federico Rosenzvaig, Paola Daniela Budan, Melisa N. Cordoba and Pablo Najar<br><br>9h20 : <em>\u00c9valuation de la compr\u00e9hension de pictogrammes Arasaac et Sclera pour am\u00e9liorer l\u2019accessibilit\u00e9 du syst\u00e8me de traduction m\u00e9dicale BabelDr<br>Magali Norr\u00e9, Pierrette Bouillon, Johanna Gerlach and Herv\u00e9 Spechbach<\/em><br><br>9h40 : <em>\u00c9valuation de la pr\u00e9diction de mots dans un syst\u00e8me de communication am\u00e9lior\u00e9e et alternative pour les personnes en situation de handicap : Presage et ACAT<\/em><br>Magali Norr\u00e9<br><br>10h00 : <em>La prise de d\u00e9cision floue peut-elle permettre d&rsquo;am\u00e9liorer les correcteurs orthographiques dys ?<\/em><br>Johana Bodard, Isis Truck, C\u00e9line Jost and G\u00e9rard Uzan<\/td><\/tr><tr><td>10h30 \u2013 11h00<\/td><td>Pause \u00ab Caf\u00e9 \u00bb<\/td><\/tr><tr><td>11h00 \u2013 12h00<\/td><td><strong>Pr\u00e9sentation invit\u00e9e de Julie Ducasse<\/strong> (dernier prix de th\u00e8se)<br><em>Cartes et diagrammes tangibles pour des utilisateurs d\u00e9ficients visuels<\/em><\/td><\/tr><tr><td>12h00 \u2013 12h45<\/td><td>Remise du prix du meilleur article<br><br>Cl\u00f4ture de la conf\u00e9rence<\/td><\/tr><tr><td>13h00<\/td><td><strong>D\u00e9jeuner de gala<\/strong> sur l\u2019\u00eele Saint-Germain<br><a href=\"https:\/\/www.restaurant-lile.com\/\">https:\/\/www.restaurant-lile.com\/<\/a><\/td><\/tr><\/tbody><\/table><\/figure>\n\n\n\n<p>Fin de la conf\u00e9rence.<\/p>\n","protected":false},"excerpt":{"rendered":"<p>09h00 \u2013 10h30 Session \u00ab Communication \u00bb 9h00 : Child-Comm: An Alternative Communication System adaptive to user\u2019s featuresFederico Rosenzvaig, Paola Daniela Budan, Melisa N. Cordoba and Pablo Najar 9h20 : \u00c9valuation de la compr\u00e9hension de pictogrammes Arasaac et Sclera pour am\u00e9liorer l\u2019accessibilit\u00e9 du syst\u00e8me de traduction m\u00e9dicale BabelDrMagali Norr\u00e9, Pierrette Bouillon, Johanna Gerlach and Herv\u00e9 &hellip; <\/p>\n<p><a class=\"more-link btn\" href=\"https:\/\/ifrath.fr\/handicap2020\/programme-du-vendredi-6-novembre-2020\/\">Lire la suite<\/a><\/p>\n","protected":false},"author":11,"featured_media":0,"parent":0,"menu_order":0,"comment_status":"closed","ping_status":"closed","template":"","meta":{"ngg_post_thumbnail":0,"footnotes":""},"class_list":["post-236","page","type-page","status-publish","hentry","nodate","item-wrap"],"_links":{"self":[{"href":"https:\/\/ifrath.fr\/handicap2020\/wp-json\/wp\/v2\/pages\/236","targetHints":{"allow":["GET"]}}],"collection":[{"href":"https:\/\/ifrath.fr\/handicap2020\/wp-json\/wp\/v2\/pages"}],"about":[{"href":"https:\/\/ifrath.fr\/handicap2020\/wp-json\/wp\/v2\/types\/page"}],"author":[{"embeddable":true,"href":"https:\/\/ifrath.fr\/handicap2020\/wp-json\/wp\/v2\/users\/11"}],"replies":[{"embeddable":true,"href":"https:\/\/ifrath.fr\/handicap2020\/wp-json\/wp\/v2\/comments?post=236"}],"version-history":[{"count":4,"href":"https:\/\/ifrath.fr\/handicap2020\/wp-json\/wp\/v2\/pages\/236\/revisions"}],"predecessor-version":[{"id":275,"href":"https:\/\/ifrath.fr\/handicap2020\/wp-json\/wp\/v2\/pages\/236\/revisions\/275"}],"wp:attachment":[{"href":"https:\/\/ifrath.fr\/handicap2020\/wp-json\/wp\/v2\/media?parent=236"}],"curies":[{"name":"wp","href":"https:\/\/api.w.org\/{rel}","templated":true}]}}