{"id":231,"date":"2020-10-06T20:40:02","date_gmt":"2020-10-06T18:40:02","guid":{"rendered":"http:\/\/ifrath.fr\/handicap2020\/?page_id=231"},"modified":"2020-11-04T14:39:49","modified_gmt":"2020-11-04T13:39:49","slug":"programme-du-mercredi-4-novembre-2020","status":"publish","type":"page","link":"https:\/\/ifrath.fr\/handicap2020\/programme-du-mercredi-4-novembre-2020\/","title":{"rendered":"Mercredi 4 novembre 2020"},"content":{"rendered":"\n<figure class=\"wp-block-table\"><table><tbody><tr><td>09h00 &#8211; 10h00<\/td><td>Inscriptions + buffet d&rsquo;accueil<\/td><\/tr><tr><td>10h00 \u2013 10h30<\/td><td>Ouverture de la conf\u00e9rence<\/td><\/tr><tr><td>10h30 \u2013 11h30<\/td><td><strong>Pr\u00e9sentation invit\u00e9e de Sylvie Gibet<\/strong><br><em>Avatars signeurs : quels d\u00e9fis pour la production de contenu en Langues des Signes ?<\/em><\/td><\/tr><tr><td>11h30 \u2013 11h50<\/td><td><strong>Session \u00ab Accessibilit\u00e9 dans le monde \u00bb<\/strong><br><br><em>Accessibility in Argentina. Initial comparison with the French domain.<\/em><br>Paula Barrera Nicholson, Guillermo Trutner, Susana Herrera, Guillermo Diorio and Adriana Macedo<\/td><\/tr><tr><td>11h50 \u2013 12h50<\/td><td><strong>Session \u00ab Conception de technologies d\u2019assistance \u00bb<\/strong><br><br>11h50 : <em>Accessibilit\u00e9 et jeux vid\u00e9o : Quid de l\u2019architecture logicielle Entit\u00e9s-Composants-Syst\u00e8mes ?<\/em><br>D\u00e9lia Garbarini and Mathieu Muratet<br><br>12h10 : <em>Motiver les personnes atteintes de scl\u00e9rose en plaques dans leur auto-r\u00e9\u00e9ducation : enqu\u00eate qualitative sur la conception d\u2019une application mobile<\/em><br>Cl\u00e9mence Chassan, C\u00e9line Jost, Thomas De Broucker, Marc S\u00e9v\u00e8ne, Olivier Cras and Dominique Archambault<br><br>12h30 : <em>D\u00e9marche centr\u00e9e utilisateur pour la conception d\u2019une application mobile de gestion des douleurs chroniques<\/em><br>Ying-Dong Liu, Beno\u00eet Encelle and Karim Sehaba<\/td><\/tr><tr><td>12h50 \u2013 14h00<\/td><td>Pause d\u00e9jeuner<\/td><\/tr><tr><td>14h00 \u2013 15h40<\/td><td><strong>Session \u00ab Analyse de la personne et des aides techniques \u00bb<\/strong><br><br>14h00 : <em>\u00c9valuation clinim\u00e9trique des mesures cin\u00e9matiquesde r\u00e9\u00e9ducation du membre sup\u00e9rieur<\/em><br>Meziani Yeser, Hadjabdelkader Amine, Morere Yann, Bourhis Guy, Karaouz\u00e8ne Meryeme and Bnemansour Mohammed<br><br>14h20 : <em>D\u00e9tection in situ de la normalit\u00e9 des s\u00e9quences d\u2019activit\u00e9 d\u2019une personne d\u00e9pendante<\/em><br>Chaima Bouali, Olivier Habert and Abderrahim Tahiri<br><br>14h40 : <em>Mesure d\u00e9port\u00e9e de signaux physiologiques : vers une estimation de la pression sanguine par cam\u00e9ra<\/em><br>Fr\u00e9d\u00e9ric Bousefsaf, Djeldjli Djamaleddine, Choubeila Maaoui, Pruski Alain and Fethi Bereksi Regui<br><br>15h00 : <em>Static protocol for multiclass SVM classification of hand grasping movements<\/em><br>Alina Krasnobrizha, Olivier Polit, Emmanuel Valot, Laurent Gallimard and Nicolas Jouandeau<br><br>15h20 : <em>Implant cochl\u00e9aire : effet du nombre canaux et de leur chevauchement sur l\u2019intelligibilit\u00e9 de la parole dans le bruit. Etude en simulation avec des sujets normoentendants<\/em><br>Pierre-Antoine Cucis, Christian Berger-Vachon, Ruben Hermann, Hung Tha\u00ef-Van, St\u00e9phane Gallego and Eric Truy<\/td><\/tr><tr><td>15h40 \u2013 16h05<\/td><td><strong>Pr\u00e9sentation posters<\/strong><br><br><em>15h40 &#8211; L\u2019utilisation de l\u2019outil num\u00e9rique et de la voix chant\u00e9e dans le cadre du polyhandicap<\/em><br>Karine Bartalucci and Patrick Abellard<br><br><em>15h45 &#8211; Introduction d&rsquo;une aide technique num\u00e9rique pour compenser la perte de vue suite \u00e0 une d\u00e9g\u00e9n\u00e9rescence maculaire li\u00e9e \u00e0 l&rsquo;\u00e2ge (DMLA)<\/em><br>Jean-Philippe Mengual and Corentin Voiseux<br><br><em>15h50 &#8211; <a href=\"http:\/\/celinejost.com\/videos\/handicap2020\/poster_Benferhat_samia.pdf\">Mod\u00e9lisation d\u2019interactions avec un Cobot dans un contexte d\u2019assistance \u00e0 la personne (PDF)<\/a><\/em><br>Samia Benferhat, Florent Frizon De Lamotte, Christophe Lohr and Jean-Luc Philippe<br><br><em>15h55 &#8211; Syst\u00e8me de conduite d&rsquo;un fauteuil roulant \u00e9lectrique \u00e0 l&rsquo;aide d&rsquo;oculom\u00e9trie: une preuve de concept<\/em><br>Patrick Albers, Fr\u00e9d\u00e9ric Jouault and Micka\u00ebl Clavreul<br><br><em>16h00 &#8211; <a href=\"http:\/\/celinejost.com\/videos\/handicap2020\/MapsPres.pdf\">[S-Map &amp; H-Map] des Indicateurs Visuels de la R\u00e9\u00e9ducation du Membre Sup\u00e9rieur par Exosquelette Comme Feedback Accessible au Patient (Slides)<\/a><\/em><br>Yeser Meziani, Amine Hadj Abdelkader, Yann Mor\u00e8re and Guy Bourhis<\/td><\/tr><tr><td>16h05 \u2013 16h30<\/td><td>Pause \u00ab Caf\u00e9 \u00bb<\/td><\/tr><tr><td>16h30 \u2013 17h50<\/td><td>\n<strong>Session \u00ab Apprentissages \u00bb<\/strong>\n<br><br>16h30 : <em>L&rsquo;apport des Nouvelles Technologies et de la Robotique dans les Aides Techniques de Compensation du Handicap<\/em><br>Lucie M\u00e9nard, Axel Petit, Emilie Leblong, Redouane Khemmar, Eleni Hatzidimitriadou, Philippe Gallien, Sharon Manship, Rachael Morris, Maria Stein and Nicolas Ragot\n<br><br>16h50 : <em>The First Massive Open Online course of the European Psychiatric Association on Cognitive and Behavioural Therapy<\/em><br>Tiago Costa, Nikitas A. Arnaoutoglou, Thomas Gargot, Olga Sidorova, Natasha Liu-Thwaites, Stirling Moorey and C\u00e9cile Hanon\n<br><br>17h10 : <em>Caract\u00e9risation et mod\u00e9lisation neuropsychologique des situations de perte d\u2019autonomie chez les d\u00e9ficients cognitifs vieillissants<\/em><br>Taina Victor, Justine Seba, Isabelle Monnier-Kirsch and Elvez Beladjal\n<br><br>17h30 : <em>MemoRob : \u00e9tudier l\u2019effet distracteur des robots<\/em><br>Celine Jost, Le Pevedic Brigitte, Marine Grandgeorge, Marie Le Menn, Farah Arab, M&rsquo;Ballo Seck and Charles Tijus\n<\/td><\/tr><\/tbody><\/table><\/figure>\n\n\n\n<p>Fin de la journ\u00e9e<\/p>\n","protected":false},"excerpt":{"rendered":"<p>09h00 &#8211; 10h00 Inscriptions + buffet d&rsquo;accueil 10h00 \u2013 10h30 Ouverture de la conf\u00e9rence 10h30 \u2013 11h30 Pr\u00e9sentation invit\u00e9e de Sylvie GibetAvatars signeurs : quels d\u00e9fis pour la production de contenu en Langues des Signes ? 11h30 \u2013 11h50 Session \u00ab Accessibilit\u00e9 dans le monde \u00bb Accessibility in Argentina. Initial comparison with the French domain.Paula &hellip; <\/p>\n<p><a class=\"more-link btn\" href=\"https:\/\/ifrath.fr\/handicap2020\/programme-du-mercredi-4-novembre-2020\/\">Lire la suite<\/a><\/p>\n","protected":false},"author":11,"featured_media":0,"parent":0,"menu_order":0,"comment_status":"closed","ping_status":"closed","template":"","meta":{"ngg_post_thumbnail":0,"footnotes":""},"class_list":["post-231","page","type-page","status-publish","hentry","nodate","item-wrap"],"_links":{"self":[{"href":"https:\/\/ifrath.fr\/handicap2020\/wp-json\/wp\/v2\/pages\/231","targetHints":{"allow":["GET"]}}],"collection":[{"href":"https:\/\/ifrath.fr\/handicap2020\/wp-json\/wp\/v2\/pages"}],"about":[{"href":"https:\/\/ifrath.fr\/handicap2020\/wp-json\/wp\/v2\/types\/page"}],"author":[{"embeddable":true,"href":"https:\/\/ifrath.fr\/handicap2020\/wp-json\/wp\/v2\/users\/11"}],"replies":[{"embeddable":true,"href":"https:\/\/ifrath.fr\/handicap2020\/wp-json\/wp\/v2\/comments?post=231"}],"version-history":[{"count":10,"href":"https:\/\/ifrath.fr\/handicap2020\/wp-json\/wp\/v2\/pages\/231\/revisions"}],"predecessor-version":[{"id":296,"href":"https:\/\/ifrath.fr\/handicap2020\/wp-json\/wp\/v2\/pages\/231\/revisions\/296"}],"wp:attachment":[{"href":"https:\/\/ifrath.fr\/handicap2020\/wp-json\/wp\/v2\/media?parent=231"}],"curies":[{"name":"wp","href":"https:\/\/api.w.org\/{rel}","templated":true}]}}