{"id":31,"date":"2015-09-04T16:16:31","date_gmt":"2015-09-04T14:16:31","guid":{"rendered":"http:\/\/ifrath.fr\/handicap2016\/?page_id=31"},"modified":"2015-09-04T16:16:31","modified_gmt":"2015-09-04T14:16:31","slug":"informations-pratiques","status":"publish","type":"page","link":"https:\/\/ifrath.fr\/handicap2016\/informations-pratiques\/","title":{"rendered":"Informations pratiques"},"content":{"rendered":"<h2>Lieu de la conf\u00e9rence<\/h2>\n<p>La conf\u00e9rence Handicap&rsquo;2016 se d\u00e9roulera \u00e0 l&rsquo;<a href=\"http:\/\/www.mercure.com\/fr\/hotel-1131-hotel-mercure-paris-vaugirard-porte-de-versailles\/index.shtml\">hotel Mercure situ\u00e9 Porte de Versailles<\/a><\/p>\n<p>Adresse de l&rsquo;hotel Mercure: 69 boulevard Victor 75015 &#8211; PARIS<\/p>\n<p><a href=\"https:\/\/maps.google.fr\/maps\/ms?msa=0&amp;msid=211554457945151364861.0004e7e7410b8e902fa1a&amp;ie=UTF8&amp;t=m&amp;z=17&amp;source=embed\"><img decoding=\"async\" src=\"http:\/\/ifrath.fr\/handicap2016\/wp-content\/uploads\/sites\/5\/2015\/09\/plan-hotel.jpg\" \/><br \/>Afficher Mercure Paris Vaugirard Porte de Versailles<\/a> sur une carte.<\/p>\n<h2>Se rendre \u00e0 Paris<\/h2>\n<table border=\"none\">\n<tr>\n<td><img decoding=\"async\" src=\"http:\/\/ifrath.fr\/handicap2016\/wp-content\/uploads\/sites\/5\/2015\/09\/icone-avion.png\" \/><\/td>\n<td>\n<h2>Venir \u00e0 paris en avion<\/h2>\n<p>L&rsquo;a\u00e9roport <a href=\"http:\/\/www.aeroportsdeparis.fr\/ADP\/fr-FR\/Passagers\/Accueil\/\">Paris Charles de Gaulle<\/a> se trouve \u00e0 environ une heure de transport de la porte de Versailles, lieu de la conf\u00e9rence.<br \/>\nL&rsquo;a\u00e9roport <a href=\"http:\/\/www.aeroportsdeparis.fr\/ADP\/fr-FR\/Passagers\/Accueil\/\">Paris Orly<\/a> se trouve \u00e9galement \u00e0 environ une heure de transport de la porte de Versailles, lieu de la conf\u00e9rence.\n<\/td>\n<\/tr>\n<tr>\n<td><img decoding=\"async\" src=\"http:\/\/ifrath.fr\/handicap2016\/wp-content\/uploads\/sites\/5\/2015\/09\/icone-train.png\" \/><\/td>\n<td>\n<h2>Venir \u00e0 paris en train<\/h2>\n<p>Toutes les gares parisiennes intra-muros sont a moins d&rsquo;une heure de transport de la porte de Versailles. Vous pouvez r\u00e9server vos billets sur la <a href=\"http:\/\/www.voyages-sncf.com\/billet-train\">boutique en ligne SNCF<\/a>\n<\/td>\n<\/tr>\n<tr>\n<td><img decoding=\"async\" src=\"http:\/\/ifrath.fr\/handicap2016\/wp-content\/uploads\/sites\/5\/2015\/09\/icone-carte.png\" \/><\/td>\n<td>\n<h2>Se d\u00e9placer \u00e0 Paris<\/h2>\n<p>Le r\u00e9seau de transport d&rsquo;Ile de France est particuli\u00e8rement dense, aussi il vous sera tr\u00e8s facile de vous d\u00e9placer dans Paris. Vous pouvez consulter le plan interactif de la RATP pour planifier votre trajet: <a href=\"http:\/\/www.ratp.fr\/plan-interactif\/\">plan interactif<\/a>\n<\/td>\n<\/tr>\n<tr>\n<td><img decoding=\"async\" src=\"http:\/\/ifrath.fr\/handicap2016\/wp-content\/uploads\/sites\/5\/2015\/09\/icone-hotel.png\" \/><\/td>\n<td>\n<h2>R\u00e9server un hotel<\/h2>\n<p>La conf\u00e9rence Handicap 2014 se d\u00e9roule dans le 15\u00e8me arrondissement de Paris, pr\u00e8s du parc des expositions. De nombreux hotels sont donc disponibles \u00e0 proximit\u00e9: <a href=\"http:\/\/en.parisinfo.com\/paris-hotels\/\">hotels \u00e0 Paris<\/a>\n<\/td>\n<\/tr>\n<\/table>\n","protected":false},"excerpt":{"rendered":"<p>Lieu de la conf\u00e9rence La conf\u00e9rence Handicap&rsquo;2016 se d\u00e9roulera \u00e0 l&rsquo;hotel Mercure situ\u00e9 Porte de Versailles Adresse de l&rsquo;hotel Mercure: 69 boulevard Victor 75015 &#8211; PARIS Afficher Mercure Paris Vaugirard Porte de Versailles sur une carte. Se rendre \u00e0 Paris Venir \u00e0 paris en avion L&rsquo;a\u00e9roport Paris Charles de Gaulle se trouve \u00e0 environ une &hellip; <\/p>\n<p><a class=\"more-link btn\" href=\"https:\/\/ifrath.fr\/handicap2016\/informations-pratiques\/\">Lire la suite<\/a><\/p>\n","protected":false},"author":7,"featured_media":0,"parent":0,"menu_order":0,"comment_status":"closed","ping_status":"closed","template":"","meta":{"footnotes":""},"class_list":["post-31","page","type-page","status-publish","hentry","nodate","item-wrap"],"_links":{"self":[{"href":"https:\/\/ifrath.fr\/handicap2016\/wp-json\/wp\/v2\/pages\/31","targetHints":{"allow":["GET"]}}],"collection":[{"href":"https:\/\/ifrath.fr\/handicap2016\/wp-json\/wp\/v2\/pages"}],"about":[{"href":"https:\/\/ifrath.fr\/handicap2016\/wp-json\/wp\/v2\/types\/page"}],"author":[{"embeddable":true,"href":"https:\/\/ifrath.fr\/handicap2016\/wp-json\/wp\/v2\/users\/7"}],"replies":[{"embeddable":true,"href":"https:\/\/ifrath.fr\/handicap2016\/wp-json\/wp\/v2\/comments?post=31"}],"version-history":[{"count":1,"href":"https:\/\/ifrath.fr\/handicap2016\/wp-json\/wp\/v2\/pages\/31\/revisions"}],"predecessor-version":[{"id":32,"href":"https:\/\/ifrath.fr\/handicap2016\/wp-json\/wp\/v2\/pages\/31\/revisions\/32"}],"wp:attachment":[{"href":"https:\/\/ifrath.fr\/handicap2016\/wp-json\/wp\/v2\/media?parent=31"}],"curies":[{"name":"wp","href":"https:\/\/api.w.org\/{rel}","templated":true}]}}