{"id":153,"date":"2016-05-23T08:58:36","date_gmt":"2016-05-23T06:58:36","guid":{"rendered":"http:\/\/ifrath.fr\/handicap2016\/?page_id=153"},"modified":"2016-06-20T17:17:39","modified_gmt":"2016-06-20T15:17:39","slug":"diner-de-gala","status":"publish","type":"page","link":"https:\/\/ifrath.fr\/handicap2016\/diner-de-gala\/","title":{"rendered":"D\u00eener de gala"},"content":{"rendered":"<h3>Mais o\u00f9 c&rsquo;\u00e9tait&nbsp;?<\/h3>\n<p>Giorgio de Chirico y \u00e9tait environ un si\u00e8cle avant nous&#8230;<\/p>\n<p><a href=\"http:\/\/ifrath.fr\/handicap2016\/photos-diner-de-gala\/\"><img decoding=\"async\" src=\"http:\/\/ifrath.fr\/handicap2016\/wp-content\/uploads\/sites\/5\/2016\/06\/logo-photo.png\" width=\"48\" \/><\/a><\/td>\n<p><img decoding=\"async\" src=\"http:\/\/ifrath.fr\/handicap2016\/wp-content\/uploads\/sites\/5\/2016\/05\/giorgio-de-chirico.jpg\" \/><\/p>\n","protected":false},"excerpt":{"rendered":"<p>Mais o\u00f9 c&rsquo;\u00e9tait&nbsp;? Giorgio de Chirico y \u00e9tait environ un si\u00e8cle avant nous&#8230;<\/p>\n","protected":false},"author":7,"featured_media":0,"parent":0,"menu_order":0,"comment_status":"closed","ping_status":"closed","template":"","meta":{"footnotes":""},"class_list":["post-153","page","type-page","status-publish","hentry","nodate","item-wrap"],"_links":{"self":[{"href":"https:\/\/ifrath.fr\/handicap2016\/wp-json\/wp\/v2\/pages\/153","targetHints":{"allow":["GET"]}}],"collection":[{"href":"https:\/\/ifrath.fr\/handicap2016\/wp-json\/wp\/v2\/pages"}],"about":[{"href":"https:\/\/ifrath.fr\/handicap2016\/wp-json\/wp\/v2\/types\/page"}],"author":[{"embeddable":true,"href":"https:\/\/ifrath.fr\/handicap2016\/wp-json\/wp\/v2\/users\/7"}],"replies":[{"embeddable":true,"href":"https:\/\/ifrath.fr\/handicap2016\/wp-json\/wp\/v2\/comments?post=153"}],"version-history":[{"count":4,"href":"https:\/\/ifrath.fr\/handicap2016\/wp-json\/wp\/v2\/pages\/153\/revisions"}],"predecessor-version":[{"id":323,"href":"https:\/\/ifrath.fr\/handicap2016\/wp-json\/wp\/v2\/pages\/153\/revisions\/323"}],"wp:attachment":[{"href":"https:\/\/ifrath.fr\/handicap2016\/wp-json\/wp\/v2\/media?parent=153"}],"curies":[{"name":"wp","href":"https:\/\/api.w.org\/{rel}","templated":true}]}}