{"id":15,"date":"2015-09-04T10:15:23","date_gmt":"2015-09-04T09:15:23","guid":{"rendered":"http:\/\/ifrath.fr\/handicap2016\/?page_id=15"},"modified":"2016-02-08T10:27:49","modified_gmt":"2016-02-08T08:27:49","slug":"appel-a-communications","status":"publish","type":"page","link":"https:\/\/ifrath.fr\/handicap2016\/appel-a-communications\/","title":{"rendered":"Appel \u00e0 communications"},"content":{"rendered":"<h2>Avant-propos<\/h2>\n<p>Handicap 2016 est la 9\u00e8me \u00e9dition de la conf\u00e9rence francophone bisannuelle organis\u00e9e par l&rsquo;IFRATH \u00e0 Paris, en parall\u00e8le avec le salon Autonomic. L&rsquo;IFRATH est une soci\u00e9t\u00e9 savante qui rassemble des chercheurs, des utilisateurs et des industriels ayant d\u00e9cid\u00e9 de mettre en commun leurs comp\u00e9tences afin de favoriser l&rsquo;avancement des recherches sur les technologies d&rsquo;assistance.<\/p>\n<p>Depuis la premi\u00e8re conf\u00e9rence, Handicap 2000, la d\u00e9finition du Handicap a \u00e9volu\u00e9. On est pass\u00e9 de la notion de \u00abpersonne handicap\u00e9e\u00bb \u00e0 celle de \u00abpersonne en situation de handicap\u00bb, ce qui red\u00e9finit le handicap comme le r\u00e9sultat d&rsquo;une interaction entre les d\u00e9ficiences et leurs cons\u00e9quences, les facteurs personnels et les facteurs environnementaux (voir la Classification Internationale du Fonctionnement de l&rsquo;OMS). Cette formulation est plus qu&rsquo;une \u00e9volution s\u00e9mantique : l&rsquo;autonomie et la qualit\u00e9 de vie de la personne sont au centre de la r\u00e9flexion qui doit absolument prendre en compte les barri\u00e8res impos\u00e9es par l&rsquo;environnement et la soci\u00e9t\u00e9. Il est important de r\u00e9aliser que les trois grands domaines de la recherche (Sciences et Technologies de l&rsquo;Information et de la Communication, Sciences de la Vie, Sciences Humaines et Sociales) mais aussi le domaine de l&rsquo;ing\u00e9nierie sont convoqu\u00e9s par cette recherche. La pluridisciplinarit\u00e9 et l&rsquo;interdisciplinarit\u00e9 sont les ma\u00eetre-mots de l&rsquo;IFRATH, mais aussi de la conf\u00e9rence Handicap qu&rsquo;elle organise.<\/p>\n<p>Ainsi Handicap 2016 se veut un lieu d&rsquo;\u00e9changes permettant d&rsquo;aborder l&rsquo;autonomie et la qualit\u00e9 de vie des personnes en situation de handicap gr\u00e2ce \u00e0 des contributions diverses: technologiques bien s\u00fbr mais \u00e9galement psychologiques et sociologiques. La conf\u00e9rence doit permettre d&rsquo;\u00e9changer des connaissances et d&rsquo;initier des collaborations entre ces diff\u00e9rents secteurs disciplinaires. L&rsquo;ambition de la conf\u00e9rence Handicap est de se positionner comme la r\u00e9f\u00e9rence des conf\u00e9rences francophones de ce secteur et de conforter ainsi son r\u00f4le f\u00e9d\u00e9rateur avec le souci constant de travailler dans l&rsquo;int\u00e9r\u00eat des personnes en situation de handicap.<\/p>\n<h2>Th\u00e8mes de la conf\u00e9rence<\/h2>\n<p>Toutes les contributions scientifiques, technologiques ou m\u00e9thodologiques se rapportant \u00e0 la compensation du handicap sont susceptibles d\u2019\u00eatre pr\u00e9sent\u00e9es \u00e0 la conf\u00e9rence Handicap.<\/p>\n<h3>Caract\u00e9risation et mod\u00e9lisation des situations de perte d&rsquo;autonomie<\/h3>\n<ul>\n<li>D\u00e9ficiences cognitives<\/li>\n<li>D\u00e9ficiences visuelles<\/li>\n<li>D\u00e9ficiences auditives<\/li>\n<li>D\u00e9ficiences motrices<\/li>\n<li>Cons\u00e9quences du vieillissement<\/li>\n<li>Pathologies chroniques invalidantes: Maladie d&rsquo;Alzheimer,&#8230;<\/li>\n<li>\u00abDys\u00bb (dyslexie, dyscalculie, dyspraxie, etc.)<\/li>\n<li>Polyhandicap<\/li>\n<\/ul>\n<h3>Technologies pour l&rsquo;autonomie et la sant\u00e9<\/h3>\n<ul>\n<li>Technologies d&rsquo;assistance \u00e0 la perception<\/li>\n<li>Technologies d&rsquo;assistance \u00e0 la communication<\/li>\n<li>Technologies d&rsquo;assistance \u00e0 la r\u00e9\u00e9ducation<\/li>\n<li>Technologies d&rsquo;assistance \u00e0 la stimulation<\/li>\n<li>Technologies d&rsquo;assistance pour les \u00abDys\u00bb<\/li>\n<li>Robotique d&rsquo;assistance au d\u00e9placement, \u00e0 la pr\u00e9hension, \u00e0 la r\u00e9\u00e9ducation<\/li>\n<li>Orth\u00e8ses, proth\u00e8ses, neuroproth\u00e8ses<\/li>\n<li>Interfaces cerveau-machine<\/li>\n<li>Intelligence ambiante, maison intelligente, syst\u00e8mes embarqu\u00e9s au service de la personne<\/li>\n<li>E-service: t\u00e9l\u00e9assistance, t\u00e9l\u00e9vigilance, t\u00e9l\u00e9diagnostic, t\u00e9l\u00e9r\u00e9habilitation, e-accessibilit\u00e9<\/li>\n<li>R\u00e9alit\u00e9 virtuelle pour l&rsquo;\u00e9valuation et la r\u00e9\u00e9ducation des troubles cognitifs et moteurs<\/li>\n<li>Jeux vid\u00e9o accessibles, jeux s\u00e9rieux<\/li>\n<li>Transmodalit\u00e9, multimodalit\u00e9<\/li>\n<\/ul>\n<h3>M\u00e9thodologies<\/h3>\n<ul>\n<li>R\u00e9\u00e9ducation, stimulation, apprentissage<\/li>\n<li>Conception de l&rsquo;assistance prenant en compte les dimensions humaines et soci\u00e9tales<\/li>\n<li>Evaluation des technologies dans leur environnement d&rsquo;usage<\/li>\n<\/ul>\n<h3>Ergonomie des syst\u00e8mes d&rsquo;assistance<\/h3>\n<ul>\n<li>Evaluation<\/li>\n<li>Mod\u00e9lisation humain-machine-environnement<\/li>\n<li>Interactions humain-syst\u00e8me d&rsquo;assistance<\/li>\n<li>Mod\u00e9lisation, simulation de l&rsquo;humain: aspects perceptifs, moteurs et cognitifs<\/li>\n<\/ul>\n<h3>Sociologie, p\u00e9dagogie<\/h3>\n<ul>\n<li>Etude des usages des technologies<\/li>\n<li>Ethique<\/li>\n<li>Dimension sociale: vie publique et priv\u00e9e, handicap et int\u00e9gration sociale, handicap et vie relationnelle<\/li>\n<li>Inclusion scolaire, secondaire et sup\u00e9rieur<\/li>\n<li>Adaptation du poste de travail, maintien dans l&#8217;emploi<\/li>\n<li>Accessibilit\u00e9 \u00e0 la ville, au cadre b\u00e2ti, \u00e0 la culture et aux arts<\/li>\n<\/ul>\n<h2>Calendrier<\/h2>\n<p>Juillet 2015: 1 er appel \u00e0 communication<br \/>\nSeptembre 2015: 2 \u00e8me appel \u00e0 communication<br \/>\nNovembre 2015: 3 \u00e8me appel \u00e0 communication<br \/>\n<s>5 F\u00e9vrier 2016: Date limite de soumission<\/s><br \/>\n10 F\u00e9vrier 2016: Date limite de soumission<br \/>\n7 avril 2016: Date de r\u00e9ponse du Comit\u00e9 de Programme<br \/>\n5 mai 2016: Date limite de remise des versions finales<br \/>\n19 mai 2016: Date limite des inscriptions au tarif pr\u00e9f\u00e9rentiel<br \/>\n8-10 juin 2016: Conf\u00e9rence (H\u00f4tel Mercure, Porte de Versailles).<\/p>\n<h2>Prix du meilleur article<\/h2>\n<p>Un prix de 3 000 euros sera accord\u00e9 \u00e0 la meilleure communication pr\u00e9sent\u00e9e dans la conf\u00e9rence Handicap 2016. Le Comit\u00e9 Editorial (CA de l&rsquo;IFRATH) ayant les fonctions de jury. Les meilleurs articles seront publi\u00e9s dans la revue AMSE (en anglais).<\/p>\n","protected":false},"excerpt":{"rendered":"<p>Avant-propos Handicap 2016 est la 9\u00e8me \u00e9dition de la conf\u00e9rence francophone bisannuelle organis\u00e9e par l&rsquo;IFRATH \u00e0 Paris, en parall\u00e8le avec le salon Autonomic. L&rsquo;IFRATH est une soci\u00e9t\u00e9 savante qui rassemble des chercheurs, des utilisateurs et des industriels ayant d\u00e9cid\u00e9 de mettre en commun leurs comp\u00e9tences afin de favoriser l&rsquo;avancement des recherches sur les technologies d&rsquo;assistance. &hellip; <\/p>\n<p><a class=\"more-link btn\" href=\"https:\/\/ifrath.fr\/handicap2016\/appel-a-communications\/\">Lire la suite<\/a><\/p>\n","protected":false},"author":7,"featured_media":0,"parent":0,"menu_order":0,"comment_status":"closed","ping_status":"closed","template":"","meta":{"footnotes":""},"class_list":["post-15","page","type-page","status-publish","hentry","nodate","item-wrap"],"_links":{"self":[{"href":"https:\/\/ifrath.fr\/handicap2016\/wp-json\/wp\/v2\/pages\/15","targetHints":{"allow":["GET"]}}],"collection":[{"href":"https:\/\/ifrath.fr\/handicap2016\/wp-json\/wp\/v2\/pages"}],"about":[{"href":"https:\/\/ifrath.fr\/handicap2016\/wp-json\/wp\/v2\/types\/page"}],"author":[{"embeddable":true,"href":"https:\/\/ifrath.fr\/handicap2016\/wp-json\/wp\/v2\/users\/7"}],"replies":[{"embeddable":true,"href":"https:\/\/ifrath.fr\/handicap2016\/wp-json\/wp\/v2\/comments?post=15"}],"version-history":[{"count":4,"href":"https:\/\/ifrath.fr\/handicap2016\/wp-json\/wp\/v2\/pages\/15\/revisions"}],"predecessor-version":[{"id":88,"href":"https:\/\/ifrath.fr\/handicap2016\/wp-json\/wp\/v2\/pages\/15\/revisions\/88"}],"wp:attachment":[{"href":"https:\/\/ifrath.fr\/handicap2016\/wp-json\/wp\/v2\/media?parent=15"}],"curies":[{"name":"wp","href":"https:\/\/api.w.org\/{rel}","templated":true}]}}