{"id":148,"date":"2016-05-20T12:26:51","date_gmt":"2016-05-20T10:26:51","guid":{"rendered":"http:\/\/ifrath.fr\/handicap2016\/?page_id=148"},"modified":"2016-06-20T16:01:19","modified_gmt":"2016-06-20T14:01:19","slug":"sessions-poster","status":"publish","type":"page","link":"https:\/\/ifrath.fr\/handicap2016\/sessions-poster\/","title":{"rendered":"Sessions poster"},"content":{"rendered":"<h2>Mercredi 8 juin (16h50) et Jeudi 9 juin (16h05)<\/h2>\n<table style=\"border-width: 0px\">\n<tr style=\"background-color: #FFFFFF;border-width: 0px\">\n<td style=\"width: 48px;border-width: 0px\">\n<a href=\"http:\/\/ifrath.fr\/handicap2016\/photos-sessions-poster\/\"><img decoding=\"async\" src=\"http:\/\/ifrath.fr\/handicap2016\/wp-content\/uploads\/sites\/5\/2016\/06\/logo-photo.png\" \/><\/a><\/td>\n<td style=\"border-width: 0px\">\n<ul>\n<li><i>A. Pinti, C. Motamed, E. Watelain, H. Toumi<\/i>, Segmentation d&rsquo;images et analyse de d\u00e9bris de proth\u00e8ses articulaires issus d&rsquo;un simulateur POD<\/li>\n<li><i>Y. Bonavero, M. Huchard, M. Meynard<\/i>, Algorithmes \u00e9volutionnaires pour l&rsquo;adaptation personnalis\u00e9e de pages Web<\/li>\n<li><i>F. Jamin, J. Averseng, J. Quirant, S. Vigan-Amouri<\/i>, La mer accessible \u00e0 tous. Les syst\u00e8mes de tens\u00e9grit\u00e9 d\u00e9ployables au service de l&rsquo;autonomie<\/li>\n<li><i>Y. Bonavero, M. Huchard, M. Meynard, A. Waffo Kouhoue<\/i>, Etat de l&rsquo;art des m\u00e9thodes d&rsquo;adaptation des pages Web en situation de handicap visuel<\/li>\n<li><i>A. Boisadan, P. Moreau, S. Bougault, C. Abati, F. Dairin, J. Nelson, S. Buisine<\/i>, Concevoir un plan d&rsquo;orientation multisensoriel. La borne Autonomade de Tactile Studio<\/li>\n<li><i>F. Tissier, D. Conte, G. Boccignone, M. Slimane<\/i>, Une nouvelle approche \u00e0 la d\u00e9tection d&rsquo;\u00e9motions pour l&rsquo;aide \u00e0 l&rsquo;interaction homme-machine chez les personnes handicap\u00e9es<\/li>\n<li><i>W. Abdallah, S. Heni, M.S. Bouhlel, D. Archambault, G. Uzan<\/i>, MoonTouch&nbsp;: M\u00e9thode d&rsquo;entr\u00e9e de texte non visuelle pour les \u00e9crans tactiles<\/li>\n<li><i>M. Elsaeh, P. Pudlo, M. Djemai, M. Bouri, A. Th\u00e9venon, I. Heymann, F. Gabrielli<\/i>, Avoid abnormal joints recruitment of upper limbs of children with hemiplegia during rehabilitation with end-effector-based haptic device<\/li>\n<li><i>E. Kahale, P.C. Hanse, V. Destin, G. Uzan, J. Lopez-Krahe<\/i>, Optimisation de Parcours Pour le D\u00e9placement Indoor Selon les Caract\u00e9ristiques des Usagers<\/li>\n<li><i>P. Abellard, A. Abellard<\/i>, ATOLL&nbsp;: Un outil d\u2019optimisation de l\u2019habitat des personnes handicap\u00e9es<\/li>\n<li><i>J. Dupire, S. Mader<\/i>, Une approche gameplay de l&rsquo;accessibilit\u00e9 des jeux video<\/li>\n<\/ul>\n<\/td>\n<\/tr>\n<\/table>\n","protected":false},"excerpt":{"rendered":"<p>Mercredi 8 juin (16h50) et Jeudi 9 juin (16h05) A. Pinti, C. Motamed, E. Watelain, H. Toumi, Segmentation d&rsquo;images et analyse de d\u00e9bris de proth\u00e8ses articulaires issus d&rsquo;un simulateur POD Y. Bonavero, M. Huchard, M. Meynard, Algorithmes \u00e9volutionnaires pour l&rsquo;adaptation personnalis\u00e9e de pages Web F. Jamin, J. Averseng, J. Quirant, S. Vigan-Amouri, La mer accessible &hellip; <\/p>\n<p><a class=\"more-link btn\" href=\"https:\/\/ifrath.fr\/handicap2016\/sessions-poster\/\">Lire la suite<\/a><\/p>\n","protected":false},"author":7,"featured_media":0,"parent":0,"menu_order":0,"comment_status":"closed","ping_status":"closed","template":"","meta":{"footnotes":""},"class_list":["post-148","page","type-page","status-publish","hentry","nodate","item-wrap"],"_links":{"self":[{"href":"https:\/\/ifrath.fr\/handicap2016\/wp-json\/wp\/v2\/pages\/148","targetHints":{"allow":["GET"]}}],"collection":[{"href":"https:\/\/ifrath.fr\/handicap2016\/wp-json\/wp\/v2\/pages"}],"about":[{"href":"https:\/\/ifrath.fr\/handicap2016\/wp-json\/wp\/v2\/types\/page"}],"author":[{"embeddable":true,"href":"https:\/\/ifrath.fr\/handicap2016\/wp-json\/wp\/v2\/users\/7"}],"replies":[{"embeddable":true,"href":"https:\/\/ifrath.fr\/handicap2016\/wp-json\/wp\/v2\/comments?post=148"}],"version-history":[{"count":6,"href":"https:\/\/ifrath.fr\/handicap2016\/wp-json\/wp\/v2\/pages\/148\/revisions"}],"predecessor-version":[{"id":291,"href":"https:\/\/ifrath.fr\/handicap2016\/wp-json\/wp\/v2\/pages\/148\/revisions\/291"}],"wp:attachment":[{"href":"https:\/\/ifrath.fr\/handicap2016\/wp-json\/wp\/v2\/media?parent=148"}],"curies":[{"name":"wp","href":"https:\/\/api.w.org\/{rel}","templated":true}]}}

<h2>Mercredi 8 juin (16h50) et Jeudi 9 juin (16h05)</h2>
<table style="border-width: 0px">
<tr style="background-color: #FFFFFF;border-width: 0px">
<td style="width: 48px;border-width: 0px">
<a href="http://ifrath.fr/handicap2016/photos-sessions-poster/"><img decoding="async" src="http://ifrath.fr/handicap2016/wp-content/uploads/sites/5/2016/06/logo-photo.png" /></a></td>
<td style="border-width: 0px">
<ul>
<li><i>A. Pinti, C. Motamed, E. Watelain, H. Toumi</i>, Segmentation d&rsquo;images et analyse de débris de prothèses articulaires issus d&rsquo;un simulateur POD</li>
<li><i>Y. Bonavero, M. Huchard, M. Meynard</i>, Algorithmes évolutionnaires pour l&rsquo;adaptation personnalisée de pages Web</li>
<li><i>F. Jamin, J. Averseng, J. Quirant, S. Vigan-Amouri</i>, La mer accessible à tous. Les systèmes de tenségrité déployables au service de l&rsquo;autonomie</li>
<li><i>Y. Bonavero, M. Huchard, M. Meynard, A. Waffo Kouhoue</i>, Etat de l&rsquo;art des méthodes d&rsquo;adaptation des pages Web en situation de handicap visuel</li>
<li><i>A. Boisadan, P. Moreau, S. Bougault, C. Abati, F. Dairin, J. Nelson, S. Buisine</i>, Concevoir un plan d&rsquo;orientation multisensoriel. La borne Autonomade de Tactile Studio</li>
<li><i>F. Tissier, D. Conte, G. Boccignone, M. Slimane</i>, Une nouvelle approche à la détection d&rsquo;émotions pour l&rsquo;aide à l&rsquo;interaction homme-machine chez les personnes handicapées</li>
<li><i>W. Abdallah, S. Heni, M.S. Bouhlel, D. Archambault, G. Uzan</i>, MoonTouch&nbsp;: Méthode d&rsquo;entrée de texte non visuelle pour les écrans tactiles</li>
<li><i>M. Elsaeh, P. Pudlo, M. Djemai, M. Bouri, A. Thévenon, I. Heymann, F. Gabrielli</i>, Avoid abnormal joints recruitment of upper limbs of children with hemiplegia during rehabilitation with end-effector-based haptic device</li>
<li><i>E. Kahale, P.C. Hanse, V. Destin, G. Uzan, J. Lopez-Krahe</i>, Optimisation de Parcours Pour le Déplacement Indoor Selon les Caractéristiques des Usagers</li>
<li><i>P. Abellard, A. Abellard</i>, ATOLL&nbsp;: Un outil d’optimisation de l’habitat des personnes handicapées</li>
<li><i>J. Dupire, S. Mader</i>, Une approche gameplay de l&rsquo;accessibilité des jeux video</li>
</ul>
</td>
</tr>
</table>

<p>Mercredi 8 juin (16h50) et Jeudi 9 juin (16h05) A. Pinti, C. Motamed, E. Watelain, H. Toumi, Segmentation d&rsquo;images et analyse de débris de prothèses articulaires issus d&rsquo;un simulateur POD Y. Bonavero, M. Huchard, M. Meynard, Algorithmes évolutionnaires pour l&rsquo;adaptation personnalisée de pages Web F. Jamin, J. Averseng, J. Quirant, S. Vigan-Amouri, La mer accessible &hellip; </p>
<p><a class="more-link btn" href="https://ifrath.fr/handicap2016/sessions-poster/">Lire la suite</a></p>
