{"id":136,"date":"2016-05-20T11:23:48","date_gmt":"2016-05-20T09:23:48","guid":{"rendered":"http:\/\/ifrath.fr\/handicap2016\/?page_id=136"},"modified":"2016-05-20T11:24:13","modified_gmt":"2016-05-20T09:24:13","slug":"evelyne-klinger-2","status":"publish","type":"page","link":"https:\/\/ifrath.fr\/handicap2016\/evelyne-klinger-2\/","title":{"rendered":"Evelyne Klinger"},"content":{"rendered":"<h2>La r\u00e9alit\u00e9 virtuelle dans la prise en charge des d\u00e9ficiences cognitives&nbsp;: Histoire et contributions du VAP-S<\/h2>\n<h3>R\u00e9sum\u00e9<\/h3>\n<p>Chaque ann\u00e9e des centaines de milliers de personnes sont victimes de l\u00e9sions c\u00e9r\u00e9brales d&rsquo;origines vari\u00e9es qui entra\u00eenent des troubles cognitifs et repr\u00e9sentent la premi\u00e8re cause de perte d&rsquo;autonomie. Il en r\u00e9sulte un besoin pressant de disposer de m\u00e9thodes et d&rsquo;outils efficaces pour \u00e9valuer les capacit\u00e9s cognitives et planifier des interventions de r\u00e9\u00e9ducation. La litt\u00e9rature montre que les technologies de la r\u00e9alit\u00e9 virtuelle permettent de nouveaux abords de cette prise en charge notamment gr\u00e2ce \u00e0 la simulation d&rsquo;activit\u00e9s de vie quotidienne. Parmi elles, &laquo;&nbsp;faire ses courses&nbsp;&raquo; constitue une activit\u00e9 vitale qui implique \u00e0 la fois complexit\u00e9 et int\u00e9gration de diff\u00e9rentes fonctions cognitives. L&rsquo;\u00e9valuation du comportement des personnes dans cette t\u00e2che en situation r\u00e9elle pose des difficult\u00e9s pratiques, alors que l&rsquo;usage d&rsquo;un supermarch\u00e9 virtuel la facilite consid\u00e9rablement. Cette pr\u00e9sentation va proposer un aper\u00e7u de l&rsquo;histoire du VAP-S (Virtual Action Planning Supermarket) et de ses contributions. Des \u00e9tudes vari\u00e9es ont \u00e9t\u00e9 men\u00e9es aupr\u00e8s d&rsquo;environ 250 participants pr\u00e9sentant des d\u00e9ficiences du Syst\u00e8me Nerveux Central (Maladie de Parkinson, Accident Vasculaire C\u00e9r\u00e9bral, Traumatisme Cr\u00e2nien, Schizophr\u00e9nie, Troubles cognitifs l\u00e9gers, Scl\u00e9rose en Plaques) et de sujets sains. Les r\u00e9sultats ont montr\u00e9 des diff\u00e9rences significatives entre les groupes de participants ainsi que des profils diff\u00e9rents. Le VAP-S a \u00e9t\u00e9 en mesure d&rsquo;identifier les performances des participants en fonction de leur diagnostic. En conclusion, la place de ces outils fond\u00e9s sur la r\u00e9alit\u00e9 virtuelle dans l&rsquo;am\u00e9lioration des activit\u00e9s de vie quotidienne sera discut\u00e9e ainsi que leur impact dans la pratique.<\/p>\n<h3>Biographie<\/h3>\n<table>\n<tr>\n<td width=\"128\">\n<img loading=\"lazy\" decoding=\"async\" src=\"http:\/\/ifrath.fr\/handicap2016\/wp-content\/uploads\/sites\/5\/2016\/05\/evelyne-klinger.png\" height=\"128\" width=\"128\" \/>\n<\/td>\n<td>\n<b>Evelyne Klinger<\/b> est Directrice de Recherche (Interactions Num\u00e9riques Sant\u00e9 Handicap) \u00e0 l&rsquo;ESIEA, Laval, France. Motiv\u00e9e par une d\u00e9marche pluridisciplinaire, son objectif global est de mettre les Sciences de l&rsquo;Ing\u00e9nieur au service des Sciences Humaines, des Sciences du vivant et de celles de la Sant\u00e9 dans des objectifs de contribution au bien-\u00eatre et \u00e0 la sant\u00e9 des personnes. Depuis plus de 15 ans, ses activit\u00e9s de recherche sont centr\u00e9es sur les apports des technologies du Num\u00e9rique \u00e0 la prise en charge des d\u00e9ficiences de l&rsquo;\u00eatre humain. Elles aboutissent \u00e0 la conception d&rsquo;applications fond\u00e9es sur la R\u00e9alit\u00e9 Virtuelle, et les technologies associ\u00e9es, dans les domaines de la psychiatrie, de la neuropsychologie et de a r\u00e9\u00e9ducation (pour exemples, le projet europ\u00e9en VEPSY, le Virtual Action Planning Supermarket: VAP-S, le projet ANR-TecSan AGATHE). Ses centres d&rsquo;int\u00e9r\u00eat incluent la r\u00e9alit\u00e9 virtuelle, l&rsquo;interfa\u00e7age comportemental, l&rsquo;observation et l&rsquo;analyse de l&rsquo;activit\u00e9 de l&rsquo;\u00eatre humain, la r\u00e9\u00e9ducation, la th\u00e9rapie, les fonctions cognitives, les \u00e9motions, le comportement et le handicap. Elle assume des responsabilit\u00e9s au niveau national et international ; elle est notamment Responsable du programme transversal Syst\u00e8mes Interactifs pour la Participation et l&rsquo;Autonomie (SIPA) de l&rsquo;Institut F\u00e9d\u00e9ratif de Recherche sur le Handicap (IFRH).\n<\/td>\n<\/tr>\n<\/table>\n","protected":false},"excerpt":{"rendered":"<p>La r\u00e9alit\u00e9 virtuelle dans la prise en charge des d\u00e9ficiences cognitives&nbsp;: Histoire et contributions du VAP-S R\u00e9sum\u00e9 Chaque ann\u00e9e des centaines de milliers de personnes sont victimes de l\u00e9sions c\u00e9r\u00e9brales d&rsquo;origines vari\u00e9es qui entra\u00eenent des troubles cognitifs et repr\u00e9sentent la premi\u00e8re cause de perte d&rsquo;autonomie. Il en r\u00e9sulte un besoin pressant de disposer de m\u00e9thodes &hellip; <\/p>\n<p><a class=\"more-link btn\" href=\"https:\/\/ifrath.fr\/handicap2016\/evelyne-klinger-2\/\">Lire la suite<\/a><\/p>\n","protected":false},"author":7,"featured_media":0,"parent":0,"menu_order":0,"comment_status":"closed","ping_status":"closed","template":"","meta":{"footnotes":""},"class_list":["post-136","page","type-page","status-publish","hentry","nodate","item-wrap"],"_links":{"self":[{"href":"https:\/\/ifrath.fr\/handicap2016\/wp-json\/wp\/v2\/pages\/136","targetHints":{"allow":["GET"]}}],"collection":[{"href":"https:\/\/ifrath.fr\/handicap2016\/wp-json\/wp\/v2\/pages"}],"about":[{"href":"https:\/\/ifrath.fr\/handicap2016\/wp-json\/wp\/v2\/types\/page"}],"author":[{"embeddable":true,"href":"https:\/\/ifrath.fr\/handicap2016\/wp-json\/wp\/v2\/users\/7"}],"replies":[{"embeddable":true,"href":"https:\/\/ifrath.fr\/handicap2016\/wp-json\/wp\/v2\/comments?post=136"}],"version-history":[{"count":2,"href":"https:\/\/ifrath.fr\/handicap2016\/wp-json\/wp\/v2\/pages\/136\/revisions"}],"predecessor-version":[{"id":138,"href":"https:\/\/ifrath.fr\/handicap2016\/wp-json\/wp\/v2\/pages\/136\/revisions\/138"}],"wp:attachment":[{"href":"https:\/\/ifrath.fr\/handicap2016\/wp-json\/wp\/v2\/media?parent=136"}],"curies":[{"name":"wp","href":"https:\/\/api.w.org\/{rel}","templated":true}]}}