{"id":101,"date":"2016-05-12T12:51:24","date_gmt":"2016-05-12T10:51:24","guid":{"rendered":"http:\/\/ifrath.fr\/handicap2016\/?page_id=101"},"modified":"2016-06-20T16:49:28","modified_gmt":"2016-06-20T14:49:28","slug":"programme","status":"publish","type":"page","link":"https:\/\/ifrath.fr\/handicap2016\/programme\/","title":{"rendered":"Programme"},"content":{"rendered":"<h2>Mercredi 8 juin<\/h2>\n<h3>9h &#8211; Inscriptions<\/h3>\n<h3>10h &#8211; Ouverture de la conf\u00e9rence<\/h3>\n<ul>\n<li>Mohamed Slimane (pr\u00e9sident IFRATH)<\/li>\n<li>Francois Cabestaing (pr\u00e9sident du CO)<\/li>\n<li>Christophe Jouffrais (pr\u00e9sident du CS)<\/li>\n<\/ul>\n<h3>10h15 &#8211; Session 1 &#8211; Sociologie<\/h3>\n<p>Pr\u00e9sident de session&nbsp;: Jaime Lopez-Krahe<\/p>\n<table style=\"border-width: 0px\">\n<tr style=\"background-color: #FFFFFF;border-width: 0px\">\n<td style=\"width: 48px;border-width: 0px\">\n<a href=\"http:\/\/ifrath.fr\/handicap2016\/photos-session-1\/\"><img decoding=\"async\" src=\"http:\/\/ifrath.fr\/handicap2016\/wp-content\/uploads\/sites\/5\/2016\/06\/logo-photo.png\" \/><\/a><\/td>\n<td style=\"border-width: 0px\">\n<ul>\n<li><i>M. Derian, V. Savvaki, V. Donzeau-Gouge, E. Kleinpeter, C. Lindenmeyer<\/i>, Appareiller le corps avec lequel je suis n\u00e9(e)&nbsp;: L&rsquo;ag\u00e9n\u00e9sie de membre \u00e0 la fronti\u00e8re entre normalit\u00e9 et handicap<\/li>\n<li><i>F. Valet, V. Tran, S. Galvan, B. Hardy, A. Dezalay<\/i>, QualiTHravail&reg; : un observatoire national sur la sant\u00e9 et qualit\u00e9 de vie au travail des salari\u00e9s en situation de handicap<\/li>\n<\/ul>\n<\/td>\n<\/tr>\n<\/table>\n<h3>11h05-11h20&nbsp;: Pause-caf\u00e9<\/h3>\n<h3>11h20 &#8211; Conf\u00e9rence invit\u00e9e&nbsp;: <a href=\"http:\/\/ifrath.fr\/handicap2016\/vincent-hayward-2\">Vincent Hayward<\/a><\/h3>\n<p>Pr\u00e9sident de session&nbsp;: Alain Pruski<\/p>\n<table style=\"border-width: 0px\">\n<tr style=\"background-color: #FFFFFF;border-width: 0px\">\n<td style=\"width: 48px;border-width: 0px\">\n<a href=\"http:\/\/ifrath.fr\/handicap2016\/photos-conference-invitee-1\/\"><img decoding=\"async\" src=\"http:\/\/ifrath.fr\/handicap2016\/wp-content\/uploads\/sites\/5\/2016\/06\/logo-photo.png\" \/><\/a><\/td>\n<td style=\"border-width: 0px\">\n<ul>\n<li>R\u00e9sultats r\u00e9cents sur le fonctionnement et l&rsquo;utilisation du toucher<\/li>\n<\/ul>\n<\/td>\n<\/tr>\n<\/table>\n<h3>12h20-14h00&nbsp;: D\u00e9jeuner<\/h3>\n<h3>14h00 &#8211; Session 2 &#8211; D\u00e9ficience visuelle<\/h3>\n<p>Pr\u00e9sident de session&nbsp;: G\u00e9rard Uzan<\/p>\n<table style=\"border-width: 0px\">\n<tr style=\"background-color: #FFFFFF;border-width: 0px\">\n<td style=\"width: 48px;border-width: 0px\">\n<a href=\"http:\/\/ifrath.fr\/handicap2016\/photos-session-2\/\"><img decoding=\"async\" src=\"http:\/\/ifrath.fr\/handicap2016\/wp-content\/uploads\/sites\/5\/2016\/06\/logo-photo.png\" \/><\/a><\/td>\n<td style=\"border-width: 0px\">\n<ul>\n<li><i>S. Giraud, C. Jouffrais<\/i>, &laquo;&nbsp;Do-It-Yourself&nbsp;&raquo;&nbsp;: aider les professionnels sp\u00e9cialistes de la d\u00e9ficience visuelle \u00e0 cr\u00e9er leurs propres supports p\u00e9dagogiques interactifs<\/li>\n<li><i>P. Roussille<\/i>, S\u00e9lection non visuelle dans une liste de mots<\/li>\n<li><i>J.B. Bernard, J.B. Melmi, E. Castet<\/i>, Facteurs orthographiques et linguistiques limitant la lecture de phrases chez les sujets sans vision centrale<\/li>\n<\/ul>\n<\/td>\n<\/tr>\n<\/table>\n<h3>15h40 &#8211; Session 3 &#8211; Interfaces neurales<\/h3>\n<p>Pr\u00e9sident de session&nbsp;: Antonio Pinti<\/p>\n<table style=\"border-width: 0px\">\n<tr style=\"background-color: #FFFFFF;border-width: 0px\">\n<td style=\"width: 48px;border-width: 0px\">\n<a href=\"http:\/\/ifrath.fr\/handicap2016\/photos-session-3\/\"><img decoding=\"async\" src=\"http:\/\/ifrath.fr\/handicap2016\/wp-content\/uploads\/sites\/5\/2016\/06\/logo-photo.png\" \/><\/a><\/td>\n<td style=\"border-width: 0px\">\n<ul>\n<li><i>P.A. Cucis, C. Berger-Vachon, E. Truy, H. Thai Van, F. Millioz, S. Gallego<\/i>, Influence de la strat\u00e9gie de codage de l&rsquo;implant cochl\u00e9aire sur la reconnaissance de syllabes en milieu bruit\u00e9<\/li>\n<li><i>A. Dupr\u00e8s, F. Cabestaing, J. Rouillard<\/i>, S\u00e9lection par un expert humain des intervalles temps-fr\u00e9quence dans le signal EEG pour les interfaces cerveau-ordinateur<\/li>\n<\/ul>\n<\/td>\n<\/tr>\n<\/table>\n<h3>16h30-16h50&nbsp;: Pause-caf\u00e9<\/h3>\n<h3>16h50 &#8211; <a href=\"http:\/\/ifrath.fr\/handicap2016\/sessions-poster\/\">Posters<\/a><\/h3>\n<h3>20h00-23h00&nbsp;: <a href=\"http:\/\/ifrath.fr\/handicap2016\/diner-de-gala\">D\u00eener de gala<\/a><\/h3>\n<h2>Jeudi 9 juin<\/h2>\n<h3>9h &#8211; Session 4 &#8211; Communication et Jeu<\/h3>\n<p>Pr\u00e9sident de session&nbsp;: Christian Berger-Vachon<\/p>\n<table style=\"border-width: 0px\">\n<tr style=\"background-color: #FFFFFF;border-width: 0px\">\n<td style=\"width: 48px;border-width: 0px\">\n<a href=\"http:\/\/ifrath.fr\/handicap2016\/photos-session-4\/\"><img decoding=\"async\" src=\"http:\/\/ifrath.fr\/handicap2016\/wp-content\/uploads\/sites\/5\/2016\/06\/logo-photo.png\" \/><\/a><\/td>\n<td style=\"border-width: 0px\">\n<ul>\n<li><i>P. Abellard, A. Abellard, K. Bartalucci<\/i>, COMM&rsquo;HANDI pour communiquer autrement<\/li>\n<li><i>M.L. Bocca, M.L. Machado, A.S. Letousey, L.M. Houel, S. Besnard, G. Lamy au Rousseau, C. Bourre, A. Baillet, F. Lemenager, R. Richard<\/i>, Evaluation et optimisation d&rsquo;une aide \u00e0 la communication chez des patients en situation de handicap<\/li>\n<li><i>E. Baldayrou, S. Merelle, M. Rouge, G. Merelle, A. Devevey<\/i>, Introduction d&rsquo;un atelier ludique karaok\u00e9 au sein d&rsquo;un programme d&rsquo;\u00e9ducation th\u00e9rapeutique<\/li>\n<\/ul>\n<\/td>\n<\/tr>\n<\/table>\n<h3>10H05-10h20&nbsp;: Pause-caf\u00e9<\/h3>\n<h3>10h20 Session 5 &#8211; Motricit\u00e9 et R\u00e9habilitation<\/h3>\n<p>Pr\u00e9sident de session&nbsp;: Yacine Bellik<\/p>\n<table style=\"border-width: 0px\">\n<tr style=\"background-color: #FFFFFF;border-width: 0px\">\n<td style=\"width: 48px;border-width: 0px\">\n<a href=\"http:\/\/ifrath.fr\/handicap2016\/photos-session-5\/\"><img decoding=\"async\" src=\"http:\/\/ifrath.fr\/handicap2016\/wp-content\/uploads\/sites\/5\/2016\/06\/logo-photo.png\" \/><\/a><\/td>\n<td style=\"border-width: 0px\">\n<ul>\n<li><i>J. Coton, J. Veytizou, G. Thomann, F. Villeneuve<\/i>, \u00c9tude de faisabilit\u00e9 de l&rsquo;analyse de mouvement de doigts par le capteur LeapMotion<\/li>\n<li><i>J.F. Susini, O. Pons, N. Guedin, C. Thevenot<\/i>, Danse-doigts, jeu de motricit\u00e9 fine<\/li>\n<li><i>M. Blandeau, T.M. Guerra, P. Pudlo, F. Gabrielli, V. Estrada-Manzo<\/i>, Mod\u00e9lisation du maintien de la posture assise chez la personne avec l\u00e9sions m\u00e9dullaires compl\u00e8tes<\/li>\n<\/ul>\n<\/td>\n<\/tr>\n<\/table>\n<h3>11h25 &#8211; Conf\u00e9rence invit\u00e9e&nbsp;: <a href=\"http:\/\/ifrath.fr\/handicap2016\/evelyne-klinger-2\/\">Evelyne Klinger<\/a><\/h3>\n<p>Pr\u00e9sident de session&nbsp;: Fran\u00e7ois Cabestaing<\/p>\n<table style=\"border-width: 0px\">\n<tr style=\"background-color: #FFFFFF;border-width: 0px\">\n<td style=\"width: 48px;border-width: 0px\">\n<a href=\"http:\/\/ifrath.fr\/handicap2016\/photos-conference-invitee-2\/\"><img decoding=\"async\" src=\"http:\/\/ifrath.fr\/handicap2016\/wp-content\/uploads\/sites\/5\/2016\/06\/logo-photo.png\" \/><\/a><\/td>\n<td style=\"border-width: 0px\">\n<ul>\n<li>La r\u00e9alit\u00e9 virtuelle dans la prise en charge des d\u00e9ficiences cognitives&nbsp;: Histoire et contributions du VAP-S<\/li>\n<\/ul>\n<\/td>\n<\/tr>\n<\/table>\n<h3>12h25-14h00&nbsp;: D\u00e9jeuner<\/h3>\n<h3>14h00 Session 6 &#8211; Fauteuil roulant<\/h3>\n<p>Pr\u00e9sident de session&nbsp;: Etienne Colle<\/p>\n<table style=\"border-width: 0px\">\n<tr style=\"background-color: #FFFFFF;border-width: 0px\">\n<td style=\"width: 48px;border-width: 0px\">\n<a href=\"http:\/\/ifrath.fr\/handicap2016\/photos-session-6\/\"><img decoding=\"async\" src=\"http:\/\/ifrath.fr\/handicap2016\/wp-content\/uploads\/sites\/5\/2016\/06\/logo-photo.png\" \/><\/a><\/td>\n<td style=\"border-width: 0px\">\n<ul>\n<li><i>A.S. Sief, A. Pruski, A. Bennia<\/i>, Contribution \u00e0 l&rsquo;\u00e9valuation de l&rsquo;accessibilit\u00e9 des \u00e9l\u00e9ments de man\u0153uvre pour une personne en fauteuil roulant<\/li>\n<li><i>A.M. H\u00e9bert, D. Kairy, J. Pineau<\/i>, Vers l&rsquo;\u00e9valuation de l&rsquo;exp\u00e9rience utilisateur et la co-exp\u00e9rience d&rsquo;un fauteuil roulant motoris\u00e9 intelligent : une perspective macroscopique des exp\u00e9riences impliqu\u00e9es<\/li>\n<li><i>H. Zatla, A. Hadj-Abdelkader, Y. Mor\u00e8re, G. Bourhis<\/i>, D\u00e9finition d&rsquo;un indicateur de performance pour l&rsquo;analyse de la conduite en fauteuil \u00e9lectrique<\/li>\n<li><i>C. Favey, J. Villanueva, A. Zogaghi, L. Jordan, Y. Guedira, E. Dessailly, Y. Bellik, R. Farcy<\/i>, Guidage de fauteuils roulants pour polyhandicap\u00e9s, par profilom\u00e9trie optique active<\/li>\n<\/ul>\n<\/td>\n<\/tr>\n<\/table>\n<h3>15H40-16h00&nbsp;: Pause-caf\u00e9<\/h3>\n<h3>16h00 &#8211; Session 7 &#8211; Mobilit\u00e9 en situation de handicap<\/h3>\n<p>Pr\u00e9sident de session&nbsp;: Guy Bourhis<\/p>\n<table style=\"border-width: 0px\">\n<tr style=\"background-color: #FFFFFF;border-width: 0px\">\n<td style=\"width: 48px;border-width: 0px\">\n<a href=\"http:\/\/ifrath.fr\/handicap2016\/photos-session-7\/\"><img decoding=\"async\" src=\"http:\/\/ifrath.fr\/handicap2016\/wp-content\/uploads\/sites\/5\/2016\/06\/logo-photo.png\" \/><\/a><\/td>\n<td style=\"border-width: 0px\">\n<ul>\n<li><i>V. Destin, C. Gu\u00e9rin, P. Soulivong, G. Uzan<\/i>, Aides humaine et technologique dans l&rsquo;assistance aux voyageurs handicap\u00e9s : quelles interactions? quels besoins?<\/li>\n<li><i>E. Colle, S. Galerne<\/i>, Fusion ensembliste pour la localisation dans le cadre du service \u00e0 la personne fragilis\u00e9e<\/li>\n<li><i>H. Sansen, G. Chollet, C. Glackin, K. Jokinen, A. Badii, M.I. Torres, D. Petrovska-Delacretaz, J. Boudy, S. Schl\u00f6gl<\/i>, The Roberta IRONSIDE project, A cognitive and physical robot coach for dependent persons<\/li>\n<\/ul>\n<\/td>\n<\/tr>\n<\/table>\n<h3>17h05 &#8211; <a href=\"http:\/\/ifrath.fr\/handicap2016\/sessions-poster\/\">Posters<\/a><\/h3>\n<h3>18h05 &#8211; AG de l&rsquo;IFRATH<\/h3>\n<h2>Vendredi 10 juin<\/h2>\n<h3>9h00 &#8211; Session 8 &#8211; Accessibilit\u00e9<\/h3>\n<p>Pr\u00e9sident de session&nbsp;: Mohamed Slimane<\/p>\n<table style=\"border-width: 0px\">\n<tr style=\"background-color: #FFFFFF;border-width: 0px\">\n<td style=\"width: 48px;border-width: 0px\">\n<a href=\"http:\/\/ifrath.fr\/handicap2016\/photos-session-8\/\"><img decoding=\"async\" src=\"http:\/\/ifrath.fr\/handicap2016\/wp-content\/uploads\/sites\/5\/2016\/06\/logo-photo.png\" \/><\/a><\/td>\n<td style=\"border-width: 0px\">\n<ul>\n<li><i>C. Molenaar, F. Gabrielli, M. Blandeau, P. Pudlo<\/i>, Strat\u00e9gies d&rsquo;appui de sujets parapl\u00e9giques lors de transferts lat\u00e9raux parall\u00e8les<\/li>\n<li><i>F. Gabrielli, C. Molenaar, M. Blandeau, P. Pudlo<\/i>, Adaptation du passage assis-debout \u00e0 l&rsquo;encombrement spatial chez des passagers \u00e0 mobilit\u00e9 r\u00e9duite<\/li>\n<li><i>F. Arab<\/i>, Ressources et Accessibilit\u00e9 Cognitive. D\u00e9finitions, Typologies et Mod\u00e9lisation<\/li>\n<li><i>D. Archambault, M. Carpio, F. Corre<\/i>, Un guide pour aider les universit\u00e9s \u00e0 d\u00e9velopper une Culture de l&rsquo;accessibilit\u00e9 num\u00e9rique<\/li>\n<\/ul>\n<\/td>\n<\/tr>\n<\/table>\n<h3>10h40-11h00&nbsp;: Pause-caf\u00e9<\/h3>\n<h3>11h00 &#8211; Conf\u00e9rence invit\u00e9e&nbsp;: <a href=\"http:\/\/ifrath.fr\/handicap2016\/tiago-guerreiro\/\">Tiago Guerreiro<\/a><\/h3>\n<p>Pr\u00e9sident de session : Christophe Jouffrais<\/p>\n<table style=\"border-width: 0px\">\n<tr style=\"background-color: #FFFFFF;border-width: 0px\">\n<td style=\"width: 48px;border-width: 0px\">\n<a href=\"http:\/\/ifrath.fr\/handicap2016\/photos-conference-invitee-3\/\"><img decoding=\"async\" src=\"http:\/\/ifrath.fr\/handicap2016\/wp-content\/uploads\/sites\/5\/2016\/06\/logo-photo.png\" \/><\/a><\/td>\n<td style=\"border-width: 0px\">\n<ul>\n<li>From Tabletops to Smartwatches : Layers Beyond Physical Access<\/li>\n<\/ul>\n<\/td>\n<\/tr>\n<\/table>\n<h3>12h00 &#8211; Cl\u00f4ture de la conf\u00e9rence<\/h3>\n<table style=\"border-width: 0px\">\n<tr style=\"background-color: #FFFFFF;border-width: 0px\">\n<td style=\"width: 48px;border-width: 0px\">\n<a href=\"http:\/\/ifrath.fr\/handicap2016\/photos-cloture-conference\/\"><img decoding=\"async\" src=\"http:\/\/ifrath.fr\/handicap2016\/wp-content\/uploads\/sites\/5\/2016\/06\/logo-photo.png\" \/><\/a><\/td>\n<td style=\"border-width: 0px\">\n<ul>\n<li>Conclusion: pr\u00e9sidents de l&rsquo;IFRATH, du CS, du CO<\/li>\n<li>Remise du prix de th\u00e8se 2015 de l&rsquo;IFRATH<\/li>\n<li>Remise du prix du meilleur article Handicap&rsquo;2016<\/li>\n<\/ul>\n<\/td>\n<\/tr>\n<\/table>\n<h3>12H15-14h00&nbsp;: D\u00e9jeuner<\/h3>\n<h3>14h &#8211; Visite du Salon Autonomic<\/h3>\n","protected":false},"excerpt":{"rendered":"<p>Mercredi 8 juin 9h &#8211; Inscriptions 10h &#8211; Ouverture de la conf\u00e9rence Mohamed Slimane (pr\u00e9sident IFRATH) Francois Cabestaing (pr\u00e9sident du CO) Christophe Jouffrais (pr\u00e9sident du CS) 10h15 &#8211; Session 1 &#8211; Sociologie Pr\u00e9sident de session&nbsp;: Jaime Lopez-Krahe M. Derian, V. Savvaki, V. Donzeau-Gouge, E. Kleinpeter, C. Lindenmeyer, Appareiller le corps avec lequel je suis n\u00e9(e)&nbsp;: &hellip; <\/p>\n<p><a class=\"more-link btn\" href=\"https:\/\/ifrath.fr\/handicap2016\/programme\/\">Lire la suite<\/a><\/p>\n","protected":false},"author":7,"featured_media":0,"parent":0,"menu_order":0,"comment_status":"closed","ping_status":"closed","template":"","meta":{"footnotes":""},"class_list":["post-101","page","type-page","status-publish","hentry","nodate","item-wrap"],"_links":{"self":[{"href":"https:\/\/ifrath.fr\/handicap2016\/wp-json\/wp\/v2\/pages\/101","targetHints":{"allow":["GET"]}}],"collection":[{"href":"https:\/\/ifrath.fr\/handicap2016\/wp-json\/wp\/v2\/pages"}],"about":[{"href":"https:\/\/ifrath.fr\/handicap2016\/wp-json\/wp\/v2\/types\/page"}],"author":[{"embeddable":true,"href":"https:\/\/ifrath.fr\/handicap2016\/wp-json\/wp\/v2\/users\/7"}],"replies":[{"embeddable":true,"href":"https:\/\/ifrath.fr\/handicap2016\/wp-json\/wp\/v2\/comments?post=101"}],"version-history":[{"count":34,"href":"https:\/\/ifrath.fr\/handicap2016\/wp-json\/wp\/v2\/pages\/101\/revisions"}],"predecessor-version":[{"id":302,"href":"https:\/\/ifrath.fr\/handicap2016\/wp-json\/wp\/v2\/pages\/101\/revisions\/302"}],"wp:attachment":[{"href":"https:\/\/ifrath.fr\/handicap2016\/wp-json\/wp\/v2\/media?parent=101"}],"curies":[{"name":"wp","href":"https:\/\/api.w.org\/{rel}","templated":true}]}}