{"id":264,"date":"2013-09-26T10:50:08","date_gmt":"2013-09-26T09:50:08","guid":{"rendered":"http:\/\/ifrath.fr\/handicap2014\/?page_id=264"},"modified":"2016-07-22T18:42:10","modified_gmt":"2016-07-22T17:42:10","slug":"programme","status":"publish","type":"page","link":"https:\/\/ifrath.fr\/handicap2014\/programme\/","title":{"rendered":"Programme"},"content":{"rendered":"<h1>Programme de la conf\u00e9rence<\/h1>\n<p>Le programme pr\u00e9visionnel est disponible dans le fichier pdf suivant : <a href=\"http:\/\/ifrath.fr\/handicap2014\/wp-content\/uploads\/sites\/3\/2014\/06\/Programme-handicap-2014.pdf\">Programme pr\u00e9visionnel de la conf\u00e9rence HANDICAP 2014<\/a><\/p>\n","protected":false},"excerpt":{"rendered":"<p>Programme de la conf\u00e9rence Le programme pr\u00e9visionnel est disponible dans le fichier pdf suivant : Programme pr\u00e9visionnel de la conf\u00e9rence HANDICAP 2014<\/p>\n","protected":false},"author":4,"featured_media":0,"parent":0,"menu_order":0,"comment_status":"closed","ping_status":"open","template":"","meta":{"footnotes":""},"class_list":["post-264","page","type-page","status-publish","hentry","nodate","item-wrap"],"_links":{"self":[{"href":"https:\/\/ifrath.fr\/handicap2014\/wp-json\/wp\/v2\/pages\/264","targetHints":{"allow":["GET"]}}],"collection":[{"href":"https:\/\/ifrath.fr\/handicap2014\/wp-json\/wp\/v2\/pages"}],"about":[{"href":"https:\/\/ifrath.fr\/handicap2014\/wp-json\/wp\/v2\/types\/page"}],"author":[{"embeddable":true,"href":"https:\/\/ifrath.fr\/handicap2014\/wp-json\/wp\/v2\/users\/4"}],"replies":[{"embeddable":true,"href":"https:\/\/ifrath.fr\/handicap2014\/wp-json\/wp\/v2\/comments?post=264"}],"version-history":[{"count":7,"href":"https:\/\/ifrath.fr\/handicap2014\/wp-json\/wp\/v2\/pages\/264\/revisions"}],"predecessor-version":[{"id":509,"href":"https:\/\/ifrath.fr\/handicap2014\/wp-json\/wp\/v2\/pages\/264\/revisions\/509"}],"wp:attachment":[{"href":"https:\/\/ifrath.fr\/handicap2014\/wp-json\/wp\/v2\/media?parent=264"}],"curies":[{"name":"wp","href":"https:\/\/api.w.org\/{rel}","templated":true}]}}