{"id":46,"date":"2021-07-02T15:35:54","date_gmt":"2021-07-02T13:35:54","guid":{"rendered":"https:\/\/ifrath.fr\/adele-team\/?page_id=46"},"modified":"2021-12-19T14:41:02","modified_gmt":"2021-12-19T13:41:02","slug":"telechargement-de-adele-pour-mac-os","status":"publish","type":"page","link":"https:\/\/ifrath.fr\/adele-team\/telechargement-de-adele-pour-mac-os\/","title":{"rendered":"T\u00e9l\u00e9chargement de ADELE-TEAM pour MacOS"},"content":{"rendered":"<p>&nbsp;<br \/>\n&nbsp;<br \/>\n&nbsp;<br \/>\n&nbsp;<\/p>\n<hr align=\"center\" size=\"8\" width=\"50%\">\n<p>&nbsp;<\/p>\n<h4 style=\"text-align: center\"><span style=\"color: #000000\"><span style=\"font-size: 24pt\"><strong>T\u00e9l\u00e9charger la version<\/strong> <\/span><strong><span style=\"font-size: 24pt\"> pour MacOS<\/span><br \/>\n<\/strong><\/span><\/h4>\n<p>&nbsp;<\/p>\n<p><span style=\"color: #000000\"><strong>&nbsp; &nbsp; * Veuillez remplir ce formulaire et cliquer sur le bouton t\u00e9l\u00e9charger<\/strong><\/span><\/p>\n<p>&nbsp;<\/p>\n<p>&nbsp;<\/p>\n<p>&nbsp;<\/p>\n<p style=\"text-align: center\"><span style=\"font-size: 24pt;color: #ff0000\">Le t\u00e9l\u00e9chargement de la version MacOS est temporairement indisponible. Une nouvelle version sera disponible tr\u00e8s bient\u00f4t.<\/span><\/p>\n<p>&nbsp;<\/p>\n<p>&nbsp;<\/p>\n<p style=\"text-align: center\"><a id=\"bBottle\" class=\"btn btn-default\" href=\"https:\/\/ifrath.fr\/adele-team-old\/documents\/version2.7.0\/ADELE-TEAM_2.7.0_guide_utilisation.pdf\"><br \/>\n<img loading=\"lazy\" decoding=\"async\" class=\"\" src=\"http:\/\/ifrath.fr\/adele-team\/wp-content\/uploads\/sites\/11\/2021\/08\/download-1.png\" width=\"82\" height=\"82\"><br \/>\n<span style=\"color: #000000;font-size: 14pt\"><b><span class=\"hidden-xs hidden-sm\">Guide d&rsquo;utilisation<\/span><\/b><\/span><br \/>\n<\/a><\/p>\n<p>&nbsp;<\/p>\n<h4 style=\"text-align: center\"><span style=\"color: #000000\"><strong>Mise \u00e0 jour et protection d\u2019ADELE-TEAM<\/strong><\/span><\/h4>\n<p class=\"justification_texte\" style=\"text-align: center\"><span style=\"color: #000000\">La dur\u00e9e d\u2019une licence est de 2 ans \u00e0 partir de la date d\u2019installation. Apr\u00e8s deux ans, \u00e0 l\u2019ouverture du logiciel, une fen\u00eatre vous proposera de t\u00e9l\u00e9charger la version la plus r\u00e9cente en substitution de celle dont vous disposez en renouvelant ainsi la licence pour deux ans. S\u2019il existe une version plus r\u00e9cente que celle que vous avez sur votre ordinateur la nouvelle version se substituera \u00e0 la v\u00f4tre en effectuant une mise-\u00e0-jour.<\/span><\/p>\n<p>&nbsp;<\/p>\n<p style=\"text-align: center\"><a href=\"\/adele-team\/\"><button class=\"button\">Retour \u00e0 l&rsquo;accueil<\/button><\/a><\/p>\n","protected":false},"excerpt":{"rendered":"<p>&nbsp; &nbsp; &nbsp; &nbsp; &nbsp; T\u00e9l\u00e9charger la version pour MacOS &nbsp; &nbsp; &nbsp; * Veuillez remplir ce formulaire et cliquer sur le bouton t\u00e9l\u00e9charger &nbsp; &nbsp; &nbsp; Le t\u00e9l\u00e9chargement de la version MacOS est temporairement indisponible. Une nouvelle version sera disponible tr\u00e8s bient\u00f4t. &nbsp; &nbsp; Guide d&rsquo;utilisation &nbsp; Mise \u00e0 jour et protection d\u2019ADELE-TEAM La&hellip; <br \/> <a class=\"button small blue\" href=\"https:\/\/ifrath.fr\/adele-team\/telechargement-de-adele-pour-mac-os\/\">Lire la suite<\/a><\/p>\n","protected":false},"author":31,"featured_media":0,"parent":0,"menu_order":0,"comment_status":"closed","ping_status":"closed","template":"","meta":{"ngg_post_thumbnail":0,"footnotes":""},"class_list":["post-46","page","type-page","status-publish","hentry"],"_links":{"self":[{"href":"https:\/\/ifrath.fr\/adele-team\/wp-json\/wp\/v2\/pages\/46","targetHints":{"allow":["GET"]}}],"collection":[{"href":"https:\/\/ifrath.fr\/adele-team\/wp-json\/wp\/v2\/pages"}],"about":[{"href":"https:\/\/ifrath.fr\/adele-team\/wp-json\/wp\/v2\/types\/page"}],"author":[{"embeddable":true,"href":"https:\/\/ifrath.fr\/adele-team\/wp-json\/wp\/v2\/users\/31"}],"replies":[{"embeddable":true,"href":"https:\/\/ifrath.fr\/adele-team\/wp-json\/wp\/v2\/comments?post=46"}],"version-history":[{"count":21,"href":"https:\/\/ifrath.fr\/adele-team\/wp-json\/wp\/v2\/pages\/46\/revisions"}],"predecessor-version":[{"id":456,"href":"https:\/\/ifrath.fr\/adele-team\/wp-json\/wp\/v2\/pages\/46\/revisions\/456"}],"wp:attachment":[{"href":"https:\/\/ifrath.fr\/adele-team\/wp-json\/wp\/v2\/media?parent=46"}],"curies":[{"name":"wp","href":"https:\/\/api.w.org\/{rel}","templated":true}]}}